Last updated on 2025-05-03 22:49:55 CEST.
Flavor | Version | Tinstall | Tcheck | Ttotal | Status | Flags |
---|---|---|---|---|---|---|
r-devel-linux-x86_64-debian-clang | 1.0.0 | 2.74 | 28.66 | 31.40 | NOTE | |
r-devel-linux-x86_64-debian-gcc | 1.0.0 | 1.88 | 21.63 | 23.51 | NOTE | |
r-devel-linux-x86_64-fedora-clang | 1.0.0 | 49.56 | OK | |||
r-devel-linux-x86_64-fedora-gcc | 1.0.0 | 51.18 | OK | |||
r-devel-windows-x86_64 | 1.0.0 | 5.00 | 50.00 | 55.00 | OK | |
r-patched-linux-x86_64 | 1.0.0 | 2.45 | 28.30 | 30.75 | OK | |
r-release-linux-x86_64 | OK | |||||
r-release-macos-arm64 | 1.0.0 | 26.00 | OK | |||
r-release-macos-x86_64 | 1.0.0 | 31.00 | OK | |||
r-release-windows-x86_64 | 1.0.0 | 5.00 | 50.00 | 55.00 | OK | |
r-oldrel-macos-arm64 | 1.0.0 | 19.00 | NOTE | |||
r-oldrel-macos-x86_64 | 1.0.0 | 26.00 | NOTE | |||
r-oldrel-windows-x86_64 | 1.0.0 | 6.00 | 56.00 | 62.00 | NOTE |
Version: 1.0.0
Check: CRAN incoming feasibility
Result: NOTE
Maintainer: ‘Mayooran Thevaraja <mayooran@eng.jfn.ac.lk>’
Found the following URLs which should use \doi (with the DOI name only):
File ‘prob_accept.Rd’:
https://doi.org/10.1109/ICC.2006.255040
https://doi.org/10.1016/j.foodcont.2013.02.021
File ‘prob_contaminant.Rd’:
https://doi.org/10.2307/1427041
Flavors: r-devel-linux-x86_64-debian-clang, r-devel-linux-x86_64-debian-gcc
Version: 1.0.0
Check: LazyData
Result: NOTE
'LazyData' is specified without a 'data' directory
Flavors: r-oldrel-macos-arm64, r-oldrel-macos-x86_64, r-oldrel-windows-x86_64
These binaries (installable software) and packages are in development.
They may not be fully stable and should be used with caution. We make no claims about them.
Health stats visible at Monitor.