Last updated on 2025-02-23 19:51:06 CET.
Flavor | Version | Tinstall | Tcheck | Ttotal | Status | Flags |
---|---|---|---|---|---|---|
r-devel-linux-x86_64-debian-clang | 2.0.6 | 638.66 | 43.86 | 682.52 | OK | --no-tests |
r-devel-linux-x86_64-debian-gcc | 2.0.6 | 536.52 | 41.83 | 578.35 | OK | --no-tests |
r-devel-macos-arm64 | 2.0.6 | 305.00 | OK | |||
r-devel-macos-x86_64 | 2.0.6 | 343.00 | OK | |||
r-patched-linux-x86_64 | 2.0.6 | 732.33 | 44.55 | 776.88 | OK | --no-tests |
r-release-linux-x86_64 | 2.0.6 | 726.41 | 44.26 | 770.67 | OK | --no-tests |
r-release-macos-arm64 | 2.0.6 | 331.00 | NOTE | |||
r-release-macos-x86_64 | 2.0.6 | 452.00 | NOTE | |||
r-oldrel-macos-arm64 | 2.0.6 | 329.00 | WARN | |||
r-oldrel-macos-x86_64 | 2.0.6 | 392.00 | WARN |
Version: 2.0.6
Check: installed package size
Result: NOTE
installed size is 56.3Mb
sub-directories of 1Mb or more:
libs 53.8Mb
Flavors: r-release-macos-arm64, r-release-macos-x86_64, r-oldrel-macos-arm64, r-oldrel-macos-x86_64
Version: 2.0.6
Check: re-building of vignette outputs
Result: WARN
Error(s) in re-building vignettes:
--- re-building ‘custom_ocl_gpuR.Rnw’ using knitr
Error: processing vignette 'custom_ocl_gpuR.Rnw' failed with diagnostics:
Running 'texi2dvi' on 'custom_ocl_gpuR.tex' failed.
LaTeX errors:
! Missing $ inserted.
<inserted text>
$
l.116 custom_
ocl_gpuR.R\end{kframe}
! Emergency stop.
<inserted text>
$
l.116 custom_
ocl_gpuR.R\end{kframe}
! ==> Fatal error occurred, no output PDF file produced!
--- failed re-building ‘custom_ocl_gpuR.Rnw’
--- re-building ‘gpuR.Rnw’ using knitr
--- finished re-building ‘gpuR.Rnw’
SUMMARY: processing the following file failed:
‘custom_ocl_gpuR.Rnw’
Error: Vignette re-building failed.
Execution halted
Flavors: r-oldrel-macos-arm64, r-oldrel-macos-x86_64
These binaries (installable software) and packages are in development.
They may not be fully stable and should be used with caution. We make no claims about them.
Health stats visible at Monitor.