Last updated on 2025-10-31 07:51:47 CET.
| Flavor | Version | Tinstall | Tcheck | Ttotal | Status | Flags | 
|---|---|---|---|---|---|---|
| r-devel-linux-x86_64-debian-clang | 2.0.6 | 635.65 | 46.89 | 682.54 | NOTE | --no-tests | 
| r-devel-linux-x86_64-debian-gcc | 2.0.6 | 529.86 | 45.74 | 575.60 | NOTE | --no-tests | 
| r-patched-linux-x86_64 | 2.0.6 | 740.87 | 47.04 | 787.91 | OK | --no-tests | 
| r-release-linux-x86_64 | 2.0.6 | 738.47 | 47.17 | 785.64 | OK | --no-tests | 
| r-release-macos-arm64 | 2.0.6 | 274.00 | 75.00 | 349.00 | OK | |
| r-release-macos-x86_64 | 2.0.6 | 189.00 | 165.00 | 354.00 | OK | |
| r-oldrel-macos-arm64 | 2.0.6 | 274.00 | 57.00 | 331.00 | NOTE | |
| r-oldrel-macos-x86_64 | 2.0.6 | 235.00 | 217.00 | 452.00 | NOTE | 
Version: 2.0.6
Flags: --no-tests
Check: CRAN incoming feasibility
Result: NOTE
  Maintainer: ‘Ruoyong Xu <ruoyong.xu@mail.utoronto.ca>’
  
  Found the following (possibly) invalid URLs:
    URL: https://app.gitter.im/#/room/#cdeterman_gpuR:gitter.im
      From: README.md
      Message: Invalid URL: '#' not allowed in fragment
    URL: https://app.gitter.im/#/room/#cdeterman_gpuR_Tested_GPUs:gitter.im
      From: README.md
      Message: Invalid URL: '#' not allowed in fragment
    URL: https://app.gitter.im/#/room/#cdeterman_gpuR_development:gitter.im
      From: README.md
      Message: Invalid URL: '#' not allowed in fragment
    URL: https://app.gitter.im/#/room/#cdeterman_gpuR_general:gitter.im
      From: README.md
      Message: Invalid URL: '#' not allowed in fragment
  
  The BugReports field in DESCRIPTION has
    https://github.com/cdeterman/gpuR/issues/new
  which should likely be
    https://github.com/cdeterman/gpuR/issues/new/issues
  instead.
Flavors: r-devel-linux-x86_64-debian-clang, r-devel-linux-x86_64-debian-gcc
Version: 2.0.6
Check: installed package size
Result: NOTE
    installed size is 56.3Mb
    sub-directories of 1Mb or more:
      libs  53.8Mb
Flavors: r-oldrel-macos-arm64, r-oldrel-macos-x86_64
These binaries (installable software) and packages are in development.
They may not be fully stable and should be used with caution. We make no claims about them.
Health stats visible at Monitor.