Last updated on 2025-05-17 17:49:21 CEST.
Flavor | Version | Tinstall | Tcheck | Ttotal | Status | Flags |
---|---|---|---|---|---|---|
r-devel-linux-x86_64-debian-clang | 2.0.6 | 641.16 | 45.10 | 686.26 | NOTE | --no-tests |
r-devel-linux-x86_64-debian-gcc | 2.0.6 | 529.12 | 44.18 | 573.30 | NOTE | --no-tests |
r-patched-linux-x86_64 | 2.0.6 | 729.09 | 44.97 | 774.06 | OK | --no-tests |
r-release-linux-x86_64 | 2.0.6 | 730.50 | 44.84 | 775.34 | OK | --no-tests |
r-release-macos-arm64 | 2.0.6 | 349.00 | OK | |||
r-release-macos-x86_64 | 2.0.6 | 354.00 | OK | |||
r-oldrel-macos-arm64 | 2.0.6 | 331.00 | NOTE | |||
r-oldrel-macos-x86_64 | 2.0.6 | 452.00 | NOTE |
Version: 2.0.6
Flags: --no-tests
Check: CRAN incoming feasibility
Result: NOTE
Maintainer: ‘Ruoyong Xu <ruoyong.xu@mail.utoronto.ca>’
The BugReports field in DESCRIPTION has
https://github.com/cdeterman/gpuR/issues/new
which should likely be
https://github.com/cdeterman/gpuR/issues/new/issues
instead.
Flavors: r-devel-linux-x86_64-debian-clang, r-devel-linux-x86_64-debian-gcc
Version: 2.0.6
Check: installed package size
Result: NOTE
installed size is 56.3Mb
sub-directories of 1Mb or more:
libs 53.8Mb
Flavors: r-oldrel-macos-arm64, r-oldrel-macos-x86_64
These binaries (installable software) and packages are in development.
They may not be fully stable and should be used with caution. We make no claims about them.
Health stats visible at Monitor.