CRAN Package Check Results for Package gpboost

Last updated on 2025-05-15 11:50:02 CEST.

Flavor Version Tinstall Tcheck Ttotal Status Flags
r-devel-linux-x86_64-debian-clang 1.5.6 881.33 97.55 978.88 OK
r-devel-linux-x86_64-debian-gcc 1.5.7 877.21 120.55 997.76 OK
r-devel-linux-x86_64-fedora-clang 1.5.8 2496.32 OK
r-devel-linux-x86_64-fedora-gcc 1.5.8 2649.84 OK
r-devel-windows-x86_64 1.5.8 682.00 261.00 943.00 OK
r-patched-linux-x86_64 1.5.6 936.95 142.45 1079.40 OK
r-release-linux-x86_64 1.5.6 918.30 145.40 1063.70 OK
r-release-macos-arm64 1.5.8 452.00 OK
r-release-macos-x86_64 645.00 OK
r-release-windows-x86_64 1.5.7 675.00 267.00 942.00 OK
r-oldrel-macos-arm64 1.5.8 624.00 NOTE
r-oldrel-macos-x86_64 1.5.8 44.00 ERROR
r-oldrel-windows-x86_64 1.5.6 1012.00 279.00 1291.00 NOTE

Additional issues

M1mac M1mac

Check Details

Version: 1.5.8
Check: installed package size
Result: NOTE installed size is 250.3Mb sub-directories of 1Mb or more: libs 249.3Mb Flavor: r-oldrel-macos-arm64

Version: 1.5.8
Check: whether package can be installed
Result: ERROR Installation failed. Flavor: r-oldrel-macos-x86_64

Version: 1.5.6
Check: installed package size
Result: NOTE installed size is 7.7Mb sub-directories of 1Mb or more: libs 6.7Mb Flavor: r-oldrel-windows-x86_64

These binaries (installable software) and packages are in development.
They may not be fully stable and should be used with caution. We make no claims about them.
Health stats visible at Monitor.