Last updated on 2025-02-02 07:50:11 CET.
Flavor | Version | Tinstall | Tcheck | Ttotal | Status | Flags |
---|---|---|---|---|---|---|
r-devel-linux-x86_64-debian-clang | 1.5.5.1 | 889.81 | 95.12 | 984.93 | NOTE | |
r-devel-linux-x86_64-debian-gcc | 1.5.5.1 | 696.99 | 112.74 | 809.73 | NOTE | |
r-devel-linux-x86_64-fedora-clang | 1.5.5.1 | 1879.15 | OK | |||
r-devel-linux-x86_64-fedora-gcc | 1.5.5.1 | 2134.26 | OK | |||
r-devel-windows-x86_64 | 1.5.5.1 | 778.00 | 254.00 | 1032.00 | OK | |
r-patched-linux-x86_64 | 1.5.5.1 | 939.18 | 147.94 | 1087.12 | OK | |
r-release-linux-x86_64 | 1.5.5.1 | 938.17 | 152.32 | 1090.49 | OK | |
r-release-macos-arm64 | 1.5.5.1 | 459.00 | NOTE | |||
r-release-macos-x86_64 | 1.5.5.1 | 699.00 | NOTE | |||
r-release-windows-x86_64 | 1.5.5.1 | 790.00 | 236.00 | 1026.00 | NOTE | |
r-oldrel-macos-arm64 | 1.5.5 | 429.00 | NOTE | |||
r-oldrel-macos-x86_64 | 1.5.5 | 556.00 | NOTE | |||
r-oldrel-windows-x86_64 | 1.5.5.1 | 712.00 | 282.00 | 994.00 | NOTE |
Version: 1.5.5.1
Check: for unstated dependencies in ‘demo’
Result: NOTE
'::' or ':::' import not declared from: ‘treeshap’
'library' or 'require' calls not declared from:
‘DiceKriging’ ‘SHAPforxgboost’ ‘flashlight’ ‘ggplot2’ ‘gridExtra’
‘lme4’ ‘mlrMBO’ ‘rgenoud’ ‘shapviz’ ‘treeshap’ ‘viridis’
Flavors: r-devel-linux-x86_64-debian-clang, r-devel-linux-x86_64-debian-gcc
Version: 1.5.5.1
Check: installed package size
Result: NOTE
installed size is 197.5Mb
sub-directories of 1Mb or more:
libs 196.5Mb
Flavors: r-release-macos-arm64, r-release-macos-x86_64, r-release-windows-x86_64, r-oldrel-windows-x86_64
Version: 1.5.5
Check: installed package size
Result: NOTE
installed size is 197.2Mb
sub-directories of 1Mb or more:
libs 196.3Mb
Flavors: r-oldrel-macos-arm64, r-oldrel-macos-x86_64
These binaries (installable software) and packages are in development.
They may not be fully stable and should be used with caution. We make no claims about them.
Health stats visible at Monitor.