Last updated on 2025-02-02 07:50:11 CET.
Flavor | Version | Tinstall | Tcheck | Ttotal | Status | Flags |
---|---|---|---|---|---|---|
r-devel-linux-x86_64-debian-clang | 0.1.3 | 2.60 | 23.41 | 26.01 | OK | |
r-devel-linux-x86_64-debian-gcc | 0.1.3 | 2.26 | 20.06 | 22.32 | OK | |
r-devel-linux-x86_64-fedora-clang | 0.1.3 | 42.06 | OK | |||
r-devel-linux-x86_64-fedora-gcc | 0.1.3 | 52.90 | OK | |||
r-devel-windows-x86_64 | 0.1.3 | 6.00 | 55.00 | 61.00 | OK | |
r-patched-linux-x86_64 | 0.1.3 | 2.47 | 22.39 | 24.86 | OK | |
r-release-linux-x86_64 | 0.1.3 | 2.47 | 22.36 | 24.83 | OK | |
r-release-macos-arm64 | 0.1.3 | 48.00 | OK | |||
r-release-macos-x86_64 | 0.1.3 | 99.00 | OK | |||
r-release-windows-x86_64 | 0.1.3 | 8.00 | 56.00 | 64.00 | OK | |
r-oldrel-macos-arm64 | 0.1.3 | 51.00 | OK | |||
r-oldrel-macos-x86_64 | 0.1.3 | 76.00 | NOTE | |||
r-oldrel-windows-x86_64 | 0.1.3 | 7.00 | 61.00 | 68.00 | OK |
Version: 0.1.3
Check: re-building of vignette outputs
Result: NOTE
Error(s) in re-building vignettes:
...
--- re-building ‘Overview.Rmd’ using rmarkdown
Warning in close.connection(con) :
Problem closing connection: No space left on device
Warning in close.connection(con) :
Problem closing connection: No space left on device
Warning in close.connection(con) :
Problem closing connection: No space left on device
[WARNING] This document format requires a nonempty <title> element.
Defaulting to 'Overview.knit' as the title.
To specify a title, use 'title' in metadata or --metadata title="...".
pandoc: /Volumes/Builds/packages/big-sur-x86_64/results/4.3/governor.Rcheck/vign_test/governor/vignettes/Overview.html: withFile: resource exhausted (No space left on device)
Error: processing vignette 'Overview.Rmd' failed with diagnostics:
pandoc document conversion failed with error 1
--- failed re-building ‘Overview.Rmd’
SUMMARY: processing the following file failed:
‘Overview.Rmd’
Error: Vignette re-building failed.
Execution halted
Flavor: r-oldrel-macos-x86_64
These binaries (installable software) and packages are in development.
They may not be fully stable and should be used with caution. We make no claims about them.
Health stats visible at Monitor.