Last updated on 2024-05-02 01:57:00 CEST.
Flavor | Version | Tinstall | Tcheck | Ttotal | Status | Flags |
---|---|---|---|---|---|---|
r-devel-linux-x86_64-debian-clang | 0.3.0 | 9.02 | 88.61 | 97.63 | NOTE | |
r-devel-linux-x86_64-debian-gcc | 0.3.0 | 6.19 | 66.02 | 72.21 | NOTE | |
r-devel-linux-x86_64-fedora-clang | 0.3.0 | 125.02 | NOTE | |||
r-devel-linux-x86_64-fedora-gcc | 0.3.0 | 133.72 | NOTE | |||
r-devel-windows-x86_64 | 0.3.0 | 9.00 | 104.00 | 113.00 | NOTE | |
r-patched-linux-x86_64 | 0.3.0 | 12.94 | 82.61 | 95.55 | NOTE | |
r-release-linux-x86_64 | 0.3.0 | 7.73 | 84.12 | 91.85 | NOTE | |
r-release-macos-arm64 | 0.3.0 | 55.00 | NOTE | |||
r-release-windows-x86_64 | 0.3.0 | 10.00 | 105.00 | 115.00 | NOTE | |
r-oldrel-macos-arm64 | 0.3.0 | 59.00 | NOTE | |||
r-oldrel-macos-x86_64 | 0.3.0 | 80.00 | NOTE | |||
r-oldrel-windows-x86_64 | 0.3.0 | 11.00 | 116.00 | 127.00 | NOTE |
Version: 0.3.0
Check: Rd files
Result: NOTE
checkRd: (-1) docker_cmd.gce_instance.Rd:21: Lost braces; missing escapes or markup?
21 | \item{nvidia}{If true will use \code{nvidia-docker} instead of {docker}}
| ^
checkRd: (-1) gce_list_disks.Rd:11: Lost braces; missing escapes or markup?
11 | \item{filter}{Sets a filter expression for filtering listed resources, in the form filter={expression}}
| ^
checkRd: (-1) gce_list_disks_all.Rd:11: Lost braces; missing escapes or markup?
11 | \item{filter}{Sets a filter expression for filtering listed resources, in the form filter={expression}}
| ^
checkRd: (-1) gce_list_firewall_rules.Rd:11: Lost braces; missing escapes or markup?
11 | \item{filter}{Sets a filter expression for filtering listed resources, in the form filter={expression}}
| ^
checkRd: (-1) gce_list_gpus.Rd:11: Lost braces; missing escapes or markup?
11 | \item{filter}{Sets a filter expression for filtering listed resources, in the form filter={expression}}
| ^
checkRd: (-1) gce_list_images.Rd:13: Lost braces; missing escapes or markup?
13 | \item{filter}{Sets a filter expression for filtering listed resources, in the form filter={expression}}
| ^
checkRd: (-1) gce_list_instances.Rd:12: Lost braces; missing escapes or markup?
12 | \item{filter}{Sets a filter expression for filtering listed resources, in the form filter={expression}}
| ^
checkRd: (-1) gce_list_machinetype.Rd:12: Lost braces; missing escapes or markup?
12 | \item{filter}{Sets a filter expression for filtering listed resources, in the form filter={expression}}
| ^
checkRd: (-1) gce_list_machinetype_all.Rd:11: Lost braces; missing escapes or markup?
11 | \item{filter}{Sets a filter expression for filtering listed resources, in the form filter={expression}}
| ^
checkRd: (-1) gce_list_networks.Rd:11: Lost braces; missing escapes or markup?
11 | \item{filter}{Sets a filter expression for filtering listed resources, in the form filter={expression}}
| ^
checkRd: (-1) gce_list_zone_op.Rd:11: Lost braces; missing escapes or markup?
11 | \item{filter}{Sets a filter expression for filtering listed resources, in the form filter={expression}}
| ^
checkRd: (-1) gce_list_zones.Rd:13: Lost braces; missing escapes or markup?
13 | \item{filter}{Sets a filter expression for filtering listed resources, in the form filter={expression}}
| ^
Flavors: r-devel-linux-x86_64-debian-clang, r-devel-linux-x86_64-debian-gcc, r-devel-linux-x86_64-fedora-clang, r-devel-linux-x86_64-fedora-gcc, r-devel-windows-x86_64, r-patched-linux-x86_64, r-release-linux-x86_64, r-release-macos-arm64, r-release-windows-x86_64
Version: 0.3.0
Check: LazyData
Result: NOTE
'LazyData' is specified without a 'data' directory
Flavors: r-devel-linux-x86_64-debian-clang, r-devel-linux-x86_64-debian-gcc, r-devel-linux-x86_64-fedora-clang, r-devel-linux-x86_64-fedora-gcc, r-devel-windows-x86_64, r-patched-linux-x86_64, r-release-linux-x86_64, r-release-macos-arm64, r-release-windows-x86_64, r-oldrel-macos-arm64, r-oldrel-macos-x86_64, r-oldrel-windows-x86_64
These binaries (installable software) and packages are in development.
They may not be fully stable and should be used with caution. We make no claims about them.
Health stats visible at Monitor.