Last updated on 2024-05-02 09:51:39 CEST.
Flavor | Version | Tinstall | Tcheck | Ttotal | Status | Flags |
---|---|---|---|---|---|---|
r-devel-linux-x86_64-debian-clang | 2.0.1 | 5.79 | 62.79 | 68.58 | NOTE | |
r-devel-linux-x86_64-debian-gcc | 2.0.1 | 5.18 | 47.56 | 52.74 | NOTE | |
r-devel-linux-x86_64-fedora-clang | 2.0.1 | 94.58 | NOTE | |||
r-devel-linux-x86_64-fedora-gcc | 2.0.1 | 102.56 | NOTE | |||
r-devel-windows-x86_64 | 2.0.1 | 6.00 | 76.00 | 82.00 | NOTE | |
r-patched-linux-x86_64 | 2.0.1 | 11.44 | 61.10 | 72.54 | NOTE | |
r-release-linux-x86_64 | 2.0.1 | 5.91 | 60.32 | 66.23 | NOTE | |
r-release-macos-arm64 | 2.0.1 | 42.00 | NOTE | |||
r-release-windows-x86_64 | 2.0.1 | 7.00 | 77.00 | 84.00 | NOTE | |
r-oldrel-macos-arm64 | 2.0.1 | 41.00 | OK | |||
r-oldrel-macos-x86_64 | 2.0.1 | 63.00 | OK | |||
r-oldrel-windows-x86_64 | 2.0.1 | 9.00 | 81.00 | 90.00 | OK |
Version: 2.0.1
Check: package dependencies
Result: NOTE
Package suggested but not available for checking: ‘bigQueryR’
Flavors: r-devel-linux-x86_64-debian-clang, r-devel-linux-x86_64-debian-gcc, r-devel-linux-x86_64-fedora-clang, r-devel-linux-x86_64-fedora-gcc, r-patched-linux-x86_64, r-release-linux-x86_64
Version: 2.0.1
Check: Rd \usage sections
Result: NOTE
Documented arguments not in \usage in Rd file 'doHttrRequest.Rd':
‘session’ ‘params’
Documented arguments not in \usage in Rd file 'get_google_token.Rd':
‘shiny_return_token’
Functions with \usage entries need to have the appropriate \alias
entries, and all their arguments documented.
The \usage entries must correspond to syntactically valid R code.
See chapter ‘Writing R documentation files’ in the ‘Writing R
Extensions’ manual.
Flavors: r-devel-linux-x86_64-debian-clang, r-devel-linux-x86_64-debian-gcc, r-devel-linux-x86_64-fedora-clang, r-devel-linux-x86_64-fedora-gcc, r-devel-windows-x86_64, r-patched-linux-x86_64, r-release-linux-x86_64, r-release-macos-arm64, r-release-windows-x86_64
These binaries (installable software) and packages are in development.
They may not be fully stable and should be used with caution. We make no claims about them.
Health stats visible at Monitor.