Last updated on 2025-05-03 22:49:54 CEST.
Flavor | Version | Tinstall | Tcheck | Ttotal | Status | Flags |
---|---|---|---|---|---|---|
r-devel-linux-x86_64-debian-clang | 1.0.5 | 6.35 | 78.31 | 84.66 | NOTE | |
r-devel-linux-x86_64-debian-gcc | 1.0.5 | 4.66 | 59.38 | 64.04 | NOTE | |
r-devel-linux-x86_64-fedora-clang | 1.0.5 | 132.31 | OK | |||
r-devel-linux-x86_64-fedora-gcc | 1.0.5 | 177.00 | OK | |||
r-devel-windows-x86_64 | 1.0.5 | 9.00 | 111.00 | 120.00 | OK | |
r-patched-linux-x86_64 | 1.0.5 | 7.77 | 74.88 | 82.65 | OK | |
r-release-linux-x86_64 | OK | |||||
r-release-macos-arm64 | 1.0.5 | 89.00 | OK | |||
r-release-macos-x86_64 | 1.0.5 | 135.00 | OK | |||
r-release-windows-x86_64 | 1.0.5 | 9.00 | 110.00 | 119.00 | OK | |
r-oldrel-macos-arm64 | 1.0.5 | 69.00 | OK | |||
r-oldrel-macos-x86_64 | 1.0.5 | 121.00 | OK | |||
r-oldrel-windows-x86_64 | 1.0.5 | 11.00 | 136.00 | 147.00 | OK |
Version: 1.0.5
Check: DESCRIPTION meta-information
Result: NOTE
Author field differs from that derived from Authors@R
Author: ‘Mark Padgham [aut, cre] (<https://orcid.org/0000-0003-2172-5265>), Ascent Digital Services UK Limited [cph] (MangoTheCat), Karina Marks [aut] (KarinaMarks), Daniel de Bortoli [aut] (ddbortoli), Gabor Csardi [aut], Hannah Frick [aut], Owen Jones [aut] (owenjonesuob), Hannah Alexander [aut], Ana Simmons [ctb] (anasimmons), Fabian Scheipl [ctb] (fabian-s)’
Authors@R: ‘Mark Padgham [aut, cre] (ORCID: <https://orcid.org/0000-0003-2172-5265>), Ascent Digital Services UK Limited [cph] (GitHub: MangoTheCat), Karina Marks [aut] (GitHub: KarinaMarks), Daniel de Bortoli [aut] (GitHub: ddbortoli), Gabor Csardi [aut], Hannah Frick [aut], Owen Jones [aut] (GitHub: owenjonesuob), Hannah Alexander [aut], Ana Simmons [ctb] (GitHub: anasimmons), Fabian Scheipl [ctb] (GitHub: fabian-s)’
Flavors: r-devel-linux-x86_64-debian-clang, r-devel-linux-x86_64-debian-gcc
These binaries (installable software) and packages are in development.
They may not be fully stable and should be used with caution. We make no claims about them.
Health stats visible at Monitor.