CRAN Package Check Results for Package goft

Last updated on 2025-05-17 15:50:44 CEST.

Flavor Version Tinstall Tcheck Ttotal Status Flags
r-devel-linux-x86_64-debian-clang 1.3.6 7.01 78.29 85.30 NOTE
r-devel-linux-x86_64-debian-gcc 1.3.6 6.92 56.87 63.79 NOTE
r-devel-linux-x86_64-fedora-clang 1.3.6 136.25 OK
r-devel-linux-x86_64-fedora-gcc 1.3.6 139.77 OK
r-devel-windows-x86_64 1.3.6 10.00 98.00 108.00 OK
r-patched-linux-x86_64 1.3.6 8.35 72.43 80.78 OK
r-release-linux-x86_64 1.3.6 7.77 74.37 82.14 OK
r-release-macos-arm64 1.3.6 53.00 OK
r-release-macos-x86_64 1.3.6 84.00 OK
r-release-windows-x86_64 1.3.6 10.00 101.00 111.00 OK
r-oldrel-macos-arm64 1.3.6 38.00 OK
r-oldrel-macos-x86_64 1.3.6 55.00 OK
r-oldrel-windows-x86_64 1.3.6 12.00 116.00 128.00 OK

Check Details

Version: 1.3.6
Check: CRAN incoming feasibility
Result: NOTE Maintainer: ‘Elizabeth Gonzalez-Estrada <egonzalez@colpos.mx>’ No Authors@R field in DESCRIPTION. Please add one, modifying Authors@R: c(person(given = "Elizabeth", family = "Gonzalez-Estrada", role = c("aut", "cre"), email = "egonzalez@colpos.mx"), person(given = c("Jose", "A."), family = "Villasenor-Alva", role = "aut")) as necessary. Found the following URLs which should use \doi (with the DOI name only): File ‘cauchy.test.Rd’: https://doi.org/10.1080/00949655.2017.1404604 File ‘de.test.Rd’: https://doi.org/10.1016/j.spl.2016.07.003 File ‘ev.test.Rd’: https://doi.org/10.1080/00949655.2017.1404604 https://doi.org/10.1080/03610910903528293 File ‘gamma.fit.Rd’: http://dx.doi.org/10.1016/j.spl.2014.10.001 File ‘gamma.test.Rd’: http://dx.doi.org/10.1016/j.spl.2014.10.001 File ‘gp.fit.Rd’: http://dx.doi.org/10.1016/j.csda.2009.04.001 File ‘gp.test.Rd’: http://dx.doi.org/10.1016/j.csda.2009.04.001 File ‘ig.test.Rd’: http://dx.doi.org/10.1016/j.spl.2015.06.017 https://doi.org/10.1007/s13571-017-0148-8 File ‘mvShapiro.Test.Rd’: http://dx.doi.org/10.1080/03610920802474465 File ‘normal.Rd’: http://dx.doi.org/10.1080/03610918.2013.810261 File ‘sn.Rd’: https://doi.org/10.1080/00949655.2019.1658763 Flavors: r-devel-linux-x86_64-debian-clang, r-devel-linux-x86_64-debian-gcc

These binaries (installable software) and packages are in development.
They may not be fully stable and should be used with caution. We make no claims about them.
Health stats visible at Monitor.