CRAN Package Check Results for Package gofgamma

Last updated on 2025-05-15 11:50:02 CEST.

Flavor Version Tinstall Tcheck Ttotal Status Flags
r-devel-linux-x86_64-debian-clang 1.0 1.92 21.61 23.53 NOTE
r-devel-linux-x86_64-debian-gcc 1.0 1.55 17.13 18.68 NOTE
r-devel-linux-x86_64-fedora-clang 1.0 37.12 OK
r-devel-linux-x86_64-fedora-gcc 1.0 38.29 OK
r-devel-windows-x86_64 1.0 3.00 41.00 44.00 OK
r-patched-linux-x86_64 1.0 1.85 20.79 22.64 OK
r-release-linux-x86_64 1.0 2.15 21.04 23.19 OK
r-release-macos-arm64 1.0 15.00 OK
r-release-macos-x86_64 1.0 24.00 OK
r-release-windows-x86_64 1.0 3.00 44.00 47.00 OK
r-oldrel-macos-arm64 1.0 15.00 NOTE
r-oldrel-macos-x86_64 1.0 21.00 NOTE
r-oldrel-windows-x86_64 1.0 3.00 41.00 44.00 NOTE

Check Details

Version: 1.0
Check: CRAN incoming feasibility
Result: NOTE Maintainer: ‘Bruno Ebner <bruno.ebner@kit.edu>’ Found the following URLs which should use \doi (with the DOI name only): File ‘AD.Rd’: https://doi.org/10.1080/03610926.2010.542851 File ‘BE.Rd’: https://doi.org/10.1007/s00184-019-00708-7 File ‘CM.Rd’: https://doi.org/10.1080/03610926.2010.542851 File ‘HME1.Rd’: https://doi.org/10.1080/03610926.2010.542851 File ‘HME2.Rd’: https://doi.org/10.1080/03610926.2010.542851 File ‘KS.Rd’: https://doi.org/10.1080/03610926.2010.542851 File ‘WA.Rd’: https://doi.org/10.1080/03610926.2010.542851 File ‘gamma_est.Rd’: https://doi.org/10.1080/00949650108812100 File ‘test.AD.Rd’: https://doi.org/10.1080/03610926.2010.542851 File ‘test.BE.Rd’: https://doi.org/10.1007/s00184-019-00708-7 File ‘test.CM.Rd’: https://doi.org/10.1080/03610926.2010.542851 File ‘test.HME1.Rd’: https://doi.org/10.1080/03610926.2010.542851 File ‘test.HME2.Rd’: https://doi.org/10.1080/03610926.2010.542851 File ‘test.KS.Rd’: https://doi.org/10.1080/03610926.2010.542851 File ‘test.WA.Rd’: https://doi.org/10.1080/03610926.2010.542851 Flavors: r-devel-linux-x86_64-debian-clang, r-devel-linux-x86_64-debian-gcc

Version: 1.0
Check: LazyData
Result: NOTE 'LazyData' is specified without a 'data' directory Flavors: r-oldrel-macos-arm64, r-oldrel-macos-x86_64, r-oldrel-windows-x86_64

These binaries (installable software) and packages are in development.
They may not be fully stable and should be used with caution. We make no claims about them.
Health stats visible at Monitor.