Last updated on 2025-02-23 19:51:06 CET.
Flavor | Version | Tinstall | Tcheck | Ttotal | Status | Flags |
---|---|---|---|---|---|---|
r-devel-linux-x86_64-debian-clang | 0.4-1 | 36.85 | 181.18 | 218.03 | NOTE | |
r-devel-linux-x86_64-debian-gcc | 0.4-1 | 25.00 | 132.39 | 157.39 | NOTE | |
r-devel-linux-x86_64-fedora-clang | 0.4-1 | 362.50 | OK | |||
r-devel-linux-x86_64-fedora-gcc | 0.4-1 | 364.35 | OK | |||
r-devel-macos-arm64 | 0.4-1 | 83.00 | OK | |||
r-devel-macos-x86_64 | 0.4-1 | 194.00 | OK | |||
r-devel-windows-x86_64 | 0.4-1 | 36.00 | 176.00 | 212.00 | NOTE | |
r-patched-linux-x86_64 | 0.4-1 | 43.87 | 184.15 | 228.02 | OK | |
r-release-linux-x86_64 | 0.4-1 | 41.01 | 184.54 | 225.55 | OK | |
r-release-macos-arm64 | 0.4-1 | 77.00 | OK | |||
r-release-macos-x86_64 | 0.4-1 | 129.00 | OK | |||
r-release-windows-x86_64 | 0.4-1 | 38.00 | 175.00 | 213.00 | OK | |
r-oldrel-macos-arm64 | 0.4-1 | 86.00 | OK | |||
r-oldrel-macos-x86_64 | 0.4-1 | 152.00 | OK | |||
r-oldrel-windows-x86_64 | 0.4-1 | 45.00 | 223.00 | 268.00 | OK |
Version: 0.4-1
Check: Rd cross-references
Result: NOTE
Found the following Rd file(s) with Rd \link{} targets missing package
anchors:
gofArchmChisq.Rd: gofTstat
gofArchmGamma.Rd: gofTstat
gofArchmSnB.Rd: gofTstat
gofArchmSnC.Rd: gofTstat
gofCvM.Rd: gofTstat
gofKS.Rd: gofTstat
gofRosenblattChisq.Rd: gofTstat
gofRosenblattGamma.Rd: gofTstat
gofRosenblattSnB.Rd: gofTstat
gofRosenblattSnC.Rd: gofTstat
plot.gofCOP.Rd: pirateplot
Please provide package anchors for all Rd \link{} targets not in the
package itself and the base packages.
Flavors: r-devel-linux-x86_64-debian-clang, r-devel-linux-x86_64-debian-gcc, r-devel-windows-x86_64
These binaries (installable software) and packages are in development.
They may not be fully stable and should be used with caution. We make no claims about them.
Health stats visible at Monitor.