CRAN Package Check Results for Package goat

Last updated on 2025-02-23 15:49:44 CET.

Flavor Version Tinstall Tcheck Ttotal Status Flags
r-devel-linux-x86_64-debian-clang 1.1 23.92 63.22 87.14 OK
r-devel-linux-x86_64-debian-gcc 1.1 16.82 44.89 61.71 OK
r-devel-linux-x86_64-fedora-clang 1.1.2 157.35 OK
r-devel-linux-x86_64-fedora-gcc 1.1.2 151.13 OK
r-devel-macos-arm64 1.1 44.00 OK
r-devel-macos-x86_64 1.1.2 85.00 OK
r-devel-windows-x86_64 1.1 25.00 107.00 132.00 OK
r-patched-linux-x86_64 1.1 24.96 58.44 83.40 OK
r-release-linux-x86_64 1.1 20.90 58.77 79.67 OK
r-release-macos-arm64 1.1 46.00 NOTE
r-release-macos-x86_64 1.1.2 76.00 NOTE
r-release-windows-x86_64 1.1 26.00 98.00 124.00 OK
r-oldrel-macos-arm64 1.0 48.00 NOTE
r-oldrel-macos-x86_64 1.1.2 73.00 NOTE
r-oldrel-windows-x86_64 1.1 34.00 117.00 151.00 OK

Check Details

Version: 1.1
Check: package dependencies
Result: NOTE Packages suggested but not available for checking: 'org.Pt.eg.db', 'org.Mmu.eg.db', 'org.Mm.eg.db', 'org.Rn.eg.db', 'org.Dr.eg.db', 'org.Dm.eg.db', 'org.Ce.eg.db' Flavor: r-release-macos-arm64

Version: 1.1
Check: installed package size
Result: NOTE installed size is 5.6Mb sub-directories of 1Mb or more: data 4.2Mb libs 1.0Mb Flavor: r-release-macos-arm64

Version: 1.1.2
Check: package dependencies
Result: NOTE Packages suggested but not available for checking: 'org.Pt.eg.db', 'org.Mmu.eg.db', 'org.Dm.eg.db', 'org.Ce.eg.db' Flavor: r-release-macos-x86_64

Version: 1.1.2
Check: installed package size
Result: NOTE installed size is 5.7Mb sub-directories of 1Mb or more: data 4.2Mb libs 1.0Mb Flavors: r-release-macos-x86_64, r-oldrel-macos-x86_64

Version: 1.0
Check: installed package size
Result: NOTE installed size is 5.6Mb sub-directories of 1Mb or more: data 4.2Mb Flavor: r-oldrel-macos-arm64

Version: 1.1.2
Check: package dependencies
Result: NOTE Packages suggested but not available for checking: 'org.Pt.eg.db', 'org.Mmu.eg.db', 'org.Mm.eg.db', 'org.Rn.eg.db', 'org.Dr.eg.db', 'org.Dm.eg.db', 'org.Ce.eg.db' Flavor: r-oldrel-macos-x86_64

These binaries (installable software) and packages are in development.
They may not be fully stable and should be used with caution. We make no claims about them.
Health stats visible at Monitor.