Last updated on 2025-05-15 09:52:17 CEST.
Flavor | Version | Tinstall | Tcheck | Ttotal | Status | Flags |
---|---|---|---|---|---|---|
r-devel-linux-x86_64-debian-clang | 0.31.2 | 7.11 | 65.79 | 72.90 | NOTE | |
r-devel-linux-x86_64-debian-gcc | 0.31.2 | 4.61 | 46.23 | 50.84 | NOTE | |
r-devel-linux-x86_64-fedora-clang | 0.31.2 | 111.06 | OK | |||
r-devel-linux-x86_64-fedora-gcc | 0.31.2 | 112.89 | OK | |||
r-devel-windows-x86_64 | 0.31.2 | 11.00 | 82.00 | 93.00 | OK | |
r-patched-linux-x86_64 | 0.31.2 | 8.39 | 59.32 | 67.71 | OK | |
r-release-linux-x86_64 | 0.31.2 | 6.70 | 61.14 | 67.84 | OK | |
r-release-macos-arm64 | 0.31.2 | 39.00 | OK | |||
r-release-macos-x86_64 | 0.31.2 | 59.00 | OK | |||
r-release-windows-x86_64 | 0.31.2 | 11.00 | 83.00 | 94.00 | OK | |
r-oldrel-macos-arm64 | 0.31.2 | 36.00 | OK | |||
r-oldrel-macos-x86_64 | 0.31.2 | 92.00 | OK | |||
r-oldrel-windows-x86_64 | 0.31.2 | 11.00 | 97.00 | 108.00 | OK |
Version: 0.31.2
Check: DESCRIPTION meta-information
Result: NOTE
Author field differs from that derived from Authors@R
Author: ‘Jan Philipp Dietrich [aut, cre] (Potsdam Institute for Climate Impact Research, <https://orcid.org/0000-0002-4309-6431>), David Klein [aut] (Potsdam Institute for Climate Impact Research), Anastasis Giannousakis [aut], Felicitas Beier [aut] (Potsdam Institute for Climate Impact Research), Johannes Koch [aut] (Potsdam Institute for Climate Impact Research), Lavinia Baumstark [aut] (Potsdam Institute for Climate Impact Research), Mika Pflüger [aut], Oliver Richters [aut] (Potsdam Institute for Climate Impact Research)’
Authors@R: ‘Jan Philipp Dietrich [aut, cre] (affiliation: Potsdam Institute for Climate Impact Research, ORCID: <https://orcid.org/0000-0002-4309-6431>), David Klein [aut] (affiliation: Potsdam Institute for Climate Impact Research), Anastasis Giannousakis [aut], Felicitas Beier [aut] (affiliation: Potsdam Institute for Climate Impact Research), Johannes Koch [aut] (affiliation: Potsdam Institute for Climate Impact Research), Lavinia Baumstark [aut] (affiliation: Potsdam Institute for Climate Impact Research), Mika Pflüger [aut], Oliver Richters [aut] (affiliation: Potsdam Institute for Climate Impact Research)’
Flavors: r-devel-linux-x86_64-debian-clang, r-devel-linux-x86_64-debian-gcc
These binaries (installable software) and packages are in development.
They may not be fully stable and should be used with caution. We make no claims about them.
Health stats visible at Monitor.