Last updated on 2025-02-23 19:51:06 CET.
Flavor | Version | Tinstall | Tcheck | Ttotal | Status | Flags |
---|---|---|---|---|---|---|
r-devel-linux-x86_64-debian-clang | 1.8 | 8.77 | 86.55 | 95.32 | NOTE | |
r-devel-linux-x86_64-debian-gcc | 1.8 | 6.00 | 58.86 | 64.86 | NOTE | |
r-devel-linux-x86_64-fedora-clang | 1.8 | 153.15 | NOTE | |||
r-devel-linux-x86_64-fedora-gcc | 1.8 | 163.75 | NOTE | |||
r-devel-macos-arm64 | 1.8 | 49.00 | NOTE | |||
r-devel-macos-x86_64 | 1.8 | 109.00 | NOTE | |||
r-devel-windows-x86_64 | 1.8 | 12.00 | 138.00 | 150.00 | NOTE | |
r-patched-linux-x86_64 | 1.8 | 9.75 | 82.88 | 92.63 | NOTE | |
r-release-linux-x86_64 | 1.8 | 7.52 | 83.52 | 91.04 | NOTE | |
r-release-macos-arm64 | 1.8 | 62.00 | NOTE | |||
r-release-macos-x86_64 | 1.8 | 135.00 | NOTE | |||
r-release-windows-x86_64 | 1.8 | 12.00 | 136.00 | 148.00 | NOTE | |
r-oldrel-macos-arm64 | 1.8 | 72.00 | OK | |||
r-oldrel-macos-x86_64 | 1.8 | 158.00 | OK | |||
r-oldrel-windows-x86_64 | 1.8 | 13.00 | 140.00 | 153.00 | OK |
Version: 1.8
Check: Rd files
Result: NOTE
checkRd: (-1) ATEgel.Rd:24: Lost braces
24 | \item{g}{A formula as \code{y~z}, where code{y} is the response and
| ^
Flavors: r-devel-linux-x86_64-debian-clang, r-devel-linux-x86_64-debian-gcc, r-devel-linux-x86_64-fedora-clang, r-devel-linux-x86_64-fedora-gcc, r-devel-macos-arm64, r-devel-macos-x86_64, r-devel-windows-x86_64, r-patched-linux-x86_64, r-release-linux-x86_64, r-release-macos-arm64, r-release-macos-x86_64, r-release-windows-x86_64
Version: 1.8
Check: Rd cross-references
Result: NOTE
Found the following Rd file(s) with Rd \link{} targets missing package
anchors:
bwWilhelm.Rd: kernHAC, bwAndrews
estfun.Rd: kernHAC, vcovHAC, sandwich
gel.Rd: kernHAC, bwAndrews, bwNeweyWest
gmm.Rd: kernHAC
smoothG.Rd: weightsAndrews
sysGmm.Rd: kernHAC, bwAndrews, bwNeweyWest
vcov.Rd: kernHAC
Please provide package anchors for all Rd \link{} targets not in the
package itself and the base packages.
Flavors: r-devel-linux-x86_64-debian-clang, r-devel-linux-x86_64-debian-gcc, r-devel-windows-x86_64
These binaries (installable software) and packages are in development.
They may not be fully stable and should be used with caution. We make no claims about them.
Health stats visible at Monitor.