CRAN Package Check Results for Package gma

Last updated on 2025-05-15 07:49:40 CEST.

Flavor Version Tinstall Tcheck Ttotal Status Flags
r-devel-linux-x86_64-debian-clang 1.0 4.05 31.85 35.90 NOTE
r-devel-linux-x86_64-debian-gcc 1.0 2.91 23.74 26.65 NOTE
r-devel-linux-x86_64-fedora-clang 1.0 57.19 OK
r-devel-linux-x86_64-fedora-gcc 1.0 57.80 OK
r-devel-windows-x86_64 1.0 6.00 51.00 57.00 OK
r-patched-linux-x86_64 1.0 4.30 30.79 35.09 OK
r-release-linux-x86_64 1.0 3.50 31.84 35.34 OK
r-release-macos-arm64 1.0 OK
r-release-macos-x86_64 1.0 33.00 OK
r-release-windows-x86_64 1.0 7.00 52.00 59.00 OK
r-oldrel-macos-arm64 1.0 20.00 OK
r-oldrel-macos-x86_64 1.0 28.00 OK
r-oldrel-windows-x86_64 1.0 8.00 59.00 67.00 OK

Check Details

Version: 1.0
Check: CRAN incoming feasibility
Result: NOTE Maintainer: ‘Yi Zhao <zhaoyi1026@gmail.com>’ No Authors@R field in DESCRIPTION. Please add one, modifying Authors@R: c(person(given = "Yi", family = "Zhao", role = c("aut", "cre"), email = "zhaoyi1026@gmail.com"), person(given = "Xi", family = "Luo", role = "aut", email = "xi.rossi.luo@gmail.com")) as necessary. File 'R/gma-internal.R' sets .Random.seed. This is usually neither needed nor wanted. The Description field contains Application to fMRI, <arXiv:1709.05328> for details. Please refer to arXiv e-prints via their arXiv DOI <doi:10.48550/arXiv.YYMM.NNNNN>. Flavors: r-devel-linux-x86_64-debian-clang, r-devel-linux-x86_64-debian-gcc

These binaries (installable software) and packages are in development.
They may not be fully stable and should be used with caution. We make no claims about them.
Health stats visible at Monitor.