Last updated on 2025-02-08 19:49:20 CET.
Flavor | Version | Tinstall | Tcheck | Ttotal | Status | Flags |
---|---|---|---|---|---|---|
r-devel-linux-x86_64-debian-clang | 7.0 | 9.26 | 66.19 | 75.45 | OK | |
r-devel-linux-x86_64-debian-gcc | 7.0 | 6.30 | 47.47 | 53.77 | OK | |
r-devel-linux-x86_64-fedora-clang | 7.0 | 123.11 | OK | |||
r-devel-linux-x86_64-fedora-gcc | 7.0 | 113.92 | OK | |||
r-devel-windows-x86_64 | 7.0 | 11.00 | 83.00 | 94.00 | OK | |
r-patched-linux-x86_64 | 7.0 | 9.26 | 62.13 | 71.39 | OK | |
r-release-linux-x86_64 | 7.0 | 7.88 | 61.12 | 69.00 | OK | |
r-release-macos-arm64 | 7.0 | 34.00 | OK | |||
r-release-macos-x86_64 | 7.0 | 73.00 | ERROR | |||
r-release-windows-x86_64 | 7.0 | 11.00 | 82.00 | 93.00 | OK | |
r-oldrel-macos-arm64 | 7.0 | 36.00 | OK | |||
r-oldrel-macos-x86_64 | 7.0 | 69.00 | ERROR | |||
r-oldrel-windows-x86_64 | 7.0 | 13.00 | 98.00 | 111.00 | OK |
Version: 7.0
Check: examples
Result: ERROR
Running examples in ‘gluvarpro-Ex.R’ failed
The error most likely occurred in:
> ### Name: preprocessgvp
> ### Title: preprocessing raw data from continuous glucose monitoring
> ### Aliases: preprocessgvp
>
> ### ** Examples
>
> data("datagvp4")
> preprocessgvp(datagvp4)
Error in preprocessgvp(datagvp4) :
Variable date and time must have yyyy/mm/dd and hh:mm:ss format.
Execution halted
Flavors: r-release-macos-x86_64, r-oldrel-macos-x86_64
These binaries (installable software) and packages are in development.
They may not be fully stable and should be used with caution. We make no claims about them.
Health stats visible at Monitor.