Last updated on 2024-05-02 04:00:19 CEST.
Flavor | Version | Tinstall | Tcheck | Ttotal | Status | Flags |
---|---|---|---|---|---|---|
r-devel-linux-x86_64-debian-clang | 1.7.0 | 4.30 | 49.08 | 53.38 | OK | |
r-devel-linux-x86_64-debian-gcc | 1.7.0 | 2.66 | 36.13 | 38.79 | OK | |
r-devel-linux-x86_64-fedora-clang | 1.7.0 | 67.44 | OK | |||
r-devel-linux-x86_64-fedora-gcc | 1.7.0 | 80.59 | OK | |||
r-devel-windows-x86_64 | 1.7.0 | 6.00 | 64.00 | 70.00 | OK | |
r-patched-linux-x86_64 | 1.7.0 | 4.11 | 44.76 | 48.87 | OK | |
r-release-linux-x86_64 | 1.7.0 | 3.79 | 45.01 | 48.80 | OK | |
r-release-macos-arm64 | 1.7.0 | 42.00 | OK | |||
r-release-macos-x86_64 | 1.7.0 | 39.00 | ERROR | |||
r-release-windows-x86_64 | 1.7.0 | 8.00 | 61.00 | 69.00 | OK | |
r-oldrel-macos-arm64 | 1.7.0 | 57.00 | OK | |||
r-oldrel-macos-x86_64 | 1.7.0 | 145.00 | OK | |||
r-oldrel-windows-x86_64 | 1.7.0 | 8.00 | 68.00 | 76.00 | OK |
Version: 1.7.0
Check: package dependencies
Result: WARN
Skipping vignette re-building
Packages suggested but not available for checking:
'crayon', 'DBI', 'dplyr', 'knitr', 'magrittr', 'rlang', 'rmarkdown',
'RSQLite', 'testthat', 'vctrs', 'waldo', 'withr'
VignetteBuilder package required for checking but not installed: ‘knitr’
Flavor: r-release-macos-x86_64
Version: 1.7.0
Check: Rd cross-references
Result: NOTE
Packages unavailable to check Rd xrefs: ‘crayon’, ‘DBI’
Flavor: r-release-macos-x86_64
Version: 1.7.0
Check: tests
Result: ERROR
Running ‘testthat.R’ [0s/0s]
Running the tests in ‘tests/testthat.R’ failed.
Complete output:
> library(testthat)
Error in library(testthat) : there is no package called 'testthat'
Execution halted
Flavor: r-release-macos-x86_64
Version: 1.7.0
Check: package vignettes
Result: NOTE
Package has ‘vignettes’ subdirectory but apparently no vignettes.
Perhaps the ‘VignetteBuilder’ information is missing from the
DESCRIPTION file?
Flavor: r-release-macos-x86_64
These binaries (installable software) and packages are in development.
They may not be fully stable and should be used with caution. We make no claims about them.
Health stats visible at Monitor.