CRAN Package Check Results for Package glottospace

Last updated on 2025-02-02 07:50:11 CET.

Flavor Version Tinstall Tcheck Ttotal Status Flags
r-devel-linux-x86_64-debian-clang 0.0.112 9.59 56.26 65.85 OK
r-devel-linux-x86_64-debian-gcc 0.0.112 7.07 37.83 44.90 OK
r-devel-linux-x86_64-fedora-clang 0.0.112 113.46 NOTE
r-devel-linux-x86_64-fedora-gcc 0.0.112 103.28 NOTE
r-devel-windows-x86_64 0.0.112 13.00 73.00 86.00 OK
r-patched-linux-x86_64 0.0.112 9.16 52.87 62.03 OK
r-release-linux-x86_64 0.0.112 8.94 51.23 60.17 OK
r-release-macos-arm64 0.0.112 35.00 OK
r-release-macos-x86_64 0.0.112 59.00 OK
r-release-windows-x86_64 0.0.112 14.00 71.00 85.00 OK
r-oldrel-macos-arm64 0.0.112 37.00 OK
r-oldrel-macos-x86_64 0.0.112 59.00 OK
r-oldrel-windows-x86_64 0.0.112 15.00 87.00 102.00 OK

Additional issues

donttest

Check Details

Version: 0.0.112
Check: dependencies in R code
Result: NOTE Namespace in Imports field not imported from: ‘rnaturalearthdata’ All declared Imports should be used. Flavors: r-devel-linux-x86_64-fedora-clang, r-devel-linux-x86_64-fedora-gcc

These binaries (installable software) and packages are in development.
They may not be fully stable and should be used with caution. We make no claims about them.
Health stats visible at Monitor.