Last updated on 2025-05-17 15:50:43 CEST.
Flavor | Version | Tinstall | Tcheck | Ttotal | Status | Flags |
---|---|---|---|---|---|---|
r-devel-linux-x86_64-debian-clang | 1.1 | 2.28 | 16.88 | 19.16 | NOTE | |
r-devel-linux-x86_64-debian-gcc | 1.1 | 2.06 | 14.00 | 16.06 | NOTE | |
r-devel-linux-x86_64-fedora-clang | 1.1 | 31.45 | NOTE | |||
r-devel-linux-x86_64-fedora-gcc | 1.1 | 31.51 | NOTE | |||
r-devel-windows-x86_64 | 1.1 | 5.00 | 38.00 | 43.00 | NOTE | |
r-patched-linux-x86_64 | 1.1 | 2.62 | 16.30 | 18.92 | NOTE | |
r-release-linux-x86_64 | 1.1 | 2.31 | 16.72 | 19.03 | NOTE | |
r-release-macos-arm64 | 1.1 | 17.00 | NOTE | |||
r-release-macos-x86_64 | 1.1 | 25.00 | NOTE | |||
r-release-windows-x86_64 | 1.1 | 5.00 | 43.00 | 48.00 | NOTE | |
r-oldrel-macos-arm64 | 1.1 | 17.00 | NOTE | |||
r-oldrel-macos-x86_64 | 1.1 | 20.00 | NOTE | |||
r-oldrel-windows-x86_64 | 1.1 | 6.00 | 37.00 | 43.00 | NOTE |
Version: 1.1
Check: CRAN incoming feasibility
Result: NOTE
Maintainer: ‘Katharine Mullen <katharine.mullen@stat.ucla.edu>’
No Authors@R field in DESCRIPTION.
Please add one, modifying
Authors@R: person(given = "Katharine",
family = "Mullen",
role = c("aut", "cre"),
email = "katharine.mullen@stat.ucla.edu")
as necessary.
Package CITATION file contains call(s) to old-style personList() or
as.personList(). Please use c() on person objects instead.
Package CITATION file contains call(s) to old-style citEntry(). Please
use bibentry() instead.
Flavors: r-devel-linux-x86_64-debian-clang, r-devel-linux-x86_64-debian-gcc
Version: 1.1
Check: DESCRIPTION meta-information
Result: NOTE
Malformed Description field: should contain one or more complete sentences.
Flavors: r-devel-linux-x86_64-debian-clang, r-devel-linux-x86_64-debian-gcc, r-devel-linux-x86_64-fedora-clang, r-devel-linux-x86_64-fedora-gcc, r-devel-windows-x86_64, r-patched-linux-x86_64, r-release-linux-x86_64, r-release-macos-arm64, r-release-macos-x86_64, r-release-windows-x86_64, r-oldrel-macos-arm64, r-oldrel-macos-x86_64, r-oldrel-windows-x86_64
Version: 1.1
Check: compiled code
Result: NOTE
File ‘globalOptTests/libs/globalOptTests.so’:
Found no calls to: ‘R_registerRoutines’, ‘R_useDynamicSymbols’
It is good practice to register native routines and to disable symbol
search.
See ‘Writing portable packages’ in the ‘Writing R Extensions’ manual.
Flavors: r-devel-linux-x86_64-fedora-clang, r-devel-linux-x86_64-fedora-gcc
These binaries (installable software) and packages are in development.
They may not be fully stable and should be used with caution. We make no claims about them.
Health stats visible at Monitor.