Last updated on 2025-02-23 19:51:06 CET.
Flavor | Version | Tinstall | Tcheck | Ttotal | Status | Flags |
---|---|---|---|---|---|---|
r-devel-linux-x86_64-debian-clang | 1.0.8 | 6.86 | 38.78 | 45.64 | NOTE | |
r-devel-linux-x86_64-debian-gcc | 1.0.8 | 5.03 | 29.34 | 34.37 | NOTE | |
r-devel-linux-x86_64-fedora-clang | 1.0.8 | 72.67 | NOTE | |||
r-devel-linux-x86_64-fedora-gcc | 1.0.8 | 71.20 | NOTE | |||
r-devel-macos-arm64 | 1.0.8 | 26.00 | NOTE | |||
r-devel-macos-x86_64 | 1.0.8 | 43.00 | NOTE | |||
r-devel-windows-x86_64 | 1.0.8 | 8.00 | 62.00 | 70.00 | NOTE | |
r-patched-linux-x86_64 | 1.0.8 | 7.14 | 36.37 | 43.51 | NOTE | |
r-release-linux-x86_64 | 1.0.8 | 6.66 | 36.59 | 43.25 | NOTE | |
r-release-macos-arm64 | 1.0.8 | 25.00 | NOTE | |||
r-release-macos-x86_64 | 1.0.8 | 35.00 | NOTE | |||
r-release-windows-x86_64 | 1.0.8 | 6.00 | 60.00 | 66.00 | NOTE | |
r-oldrel-macos-arm64 | 1.0.8 | 25.00 | NOTE | |||
r-oldrel-macos-x86_64 | 1.0.8 | 40.00 | NOTE | |||
r-oldrel-windows-x86_64 | 1.0.8 | 7.00 | 67.00 | 74.00 | NOTE |
Version: 1.0.8
Check: Rd files
Result: NOTE
checkRd: (-1) coef.glmulti.Rd:26: Escaped LaTeX specials: \&
checkRd: (-1) coef.glmulti.Rd:27: Escaped LaTeX specials: \&
checkRd: (-1) coef.glmulti.Rd:51: Escaped LaTeX specials: \&
checkRd: (-1) coef.glmulti.Rd:60: Escaped LaTeX specials: \&
checkRd: (-1) coef.glmulti.Rd:61: Escaped LaTeX specials: \&
checkRd: (-1) consensus.Rd:29: Escaped LaTeX specials: \&
checkRd: (-1) getfit.Rd:14: Lost braces
14 | \item{object}{A fitted model object, of class \code{glm}, \code{lm} or code{glm.nb}}
| ^
checkRd: (-1) getfit.Rd:26: Escaped LaTeX specials: \&
checkRd: (-1) glmulti-class.Rd:26: Escaped LaTeX specials: \&
checkRd: (-1) glmulti-methods.Rd:14: Lost braces
14 | code{glmulti} finds what are the \code{n} best models (the confidence set of models) among all possible models (the candidate set, as specified by the user).
| ^
checkRd: (-1) glmulti.Rd:99: Escaped LaTeX specials: \&
checkRd: (-1) summary.glmulti.Rd:72: Escaped LaTeX specials: \&
Flavors: r-devel-linux-x86_64-debian-clang, r-devel-linux-x86_64-debian-gcc, r-devel-linux-x86_64-fedora-clang, r-devel-linux-x86_64-fedora-gcc, r-devel-macos-arm64, r-devel-macos-x86_64, r-devel-windows-x86_64, r-patched-linux-x86_64, r-release-linux-x86_64, r-release-macos-arm64, r-release-macos-x86_64, r-release-windows-x86_64
Version: 1.0.8
Check: Rd files
Result: NOTE
checkRd: (-1) coef.glmulti.Rd:26: Escaped LaTeX specials: \&
checkRd: (-1) coef.glmulti.Rd:27: Escaped LaTeX specials: \&
checkRd: (-1) coef.glmulti.Rd:51: Escaped LaTeX specials: \&
checkRd: (-1) coef.glmulti.Rd:60: Escaped LaTeX specials: \&
checkRd: (-1) coef.glmulti.Rd:61: Escaped LaTeX specials: \&
checkRd: (-1) consensus.Rd:29: Escaped LaTeX specials: \&
checkRd: (-1) getfit.Rd:26: Escaped LaTeX specials: \&
checkRd: (-1) glmulti-class.Rd:26: Escaped LaTeX specials: \&
checkRd: (-1) glmulti.Rd:99: Escaped LaTeX specials: \&
checkRd: (-1) summary.glmulti.Rd:72: Escaped LaTeX specials: \&
Flavors: r-oldrel-macos-arm64, r-oldrel-macos-x86_64, r-oldrel-windows-x86_64
These binaries (installable software) and packages are in development.
They may not be fully stable and should be used with caution. We make no claims about them.
Health stats visible at Monitor.