Last updated on 2025-05-15 09:52:16 CEST.
Flavor | Version | Tinstall | Tcheck | Ttotal | Status | Flags |
---|---|---|---|---|---|---|
r-devel-linux-x86_64-debian-clang | 0.2.0 | 2.91 | 72.79 | 75.70 | NOTE | |
r-devel-linux-x86_64-debian-gcc | 0.2.0 | 2.44 | 52.82 | 55.26 | NOTE | |
r-devel-linux-x86_64-fedora-clang | 0.2.0 | 128.51 | OK | |||
r-devel-linux-x86_64-fedora-gcc | 0.2.0 | 146.93 | OK | |||
r-devel-windows-x86_64 | 0.2.0 | 4.00 | 133.00 | 137.00 | OK | |
r-patched-linux-x86_64 | 0.2.0 | 2.99 | 69.96 | 72.95 | OK | |
r-release-linux-x86_64 | 0.2.0 | 2.50 | 73.47 | 75.97 | OK | |
r-release-macos-arm64 | 0.2.0 | 48.00 | OK | |||
r-release-macos-x86_64 | 0.2.0 | 92.00 | OK | |||
r-release-windows-x86_64 | 0.2.0 | 5.00 | 133.00 | 138.00 | OK | |
r-oldrel-macos-arm64 | 0.2.0 | 47.00 | OK | |||
r-oldrel-macos-x86_64 | 0.2.0 | 70.00 | OK | |||
r-oldrel-windows-x86_64 | 0.2.0 | 3.00 | 144.00 | 147.00 | OK |
Version: 0.2.0
Check: CRAN incoming feasibility
Result: NOTE
Maintainer: ‘F. William Townes <will.townes@gmail.com>’
The Description field contains
<arXiv:1907.02647>.
Please refer to arXiv e-prints via their arXiv DOI <doi:10.48550/arXiv.YYMM.NNNNN>.
Found the following URLs which should use \doi (with the DOI name only):
File ‘glmpca.Rd’:
https://doi.org/10.1186/s13059-019-1861-6
Flavors: r-devel-linux-x86_64-debian-clang, r-devel-linux-x86_64-debian-gcc
These binaries (installable software) and packages are in development.
They may not be fully stable and should be used with caution. We make no claims about them.
Health stats visible at Monitor.