CRAN Package Check Results for Package glmnet

Last updated on 2025-07-17 21:50:47 CEST.

Flavor Version Tinstall Tcheck Ttotal Status Flags
r-devel-linux-x86_64-debian-clang 4.1-9 89.54 237.01 326.55 OK
r-devel-linux-x86_64-debian-gcc 4.1-10 79.40 170.40 249.80 OK
r-devel-linux-x86_64-fedora-clang 4.1-10 565.84 OK
r-devel-linux-x86_64-fedora-gcc 4.1-10 587.37 OK
r-devel-windows-x86_64 4.1-9 99.00 379.00 478.00 OK
r-patched-linux-x86_64 4.1-9 102.02 233.74 335.76 OK
r-release-linux-x86_64 4.1-9 108.91 231.21 340.12 OK
r-release-macos-arm64 4.1-9 164.00 OK
r-release-macos-x86_64 4.1-10 310.00 OK
r-release-windows-x86_64 4.1-9 100.00 381.00 481.00 OK
r-oldrel-macos-arm64 4.1-9 164.00 NOTE
r-oldrel-macos-x86_64 4.1-10 301.00 NOTE
r-oldrel-windows-x86_64 4.1-9 116.00 427.00 543.00 OK

Check Details

Version: 4.1-9
Check: installed package size
Result: NOTE installed size is 33.8Mb sub-directories of 1Mb or more: libs 31.9Mb Flavor: r-oldrel-macos-arm64

Version: 4.1-10
Check: installed package size
Result: NOTE installed size is 35.5Mb sub-directories of 1Mb or more: libs 33.6Mb Flavor: r-oldrel-macos-x86_64

These binaries (installable software) and packages are in development.
They may not be fully stable and should be used with caution. We make no claims about them.
Health stats visible at Monitor.