CRAN Package Check Results for Package glmmLasso

Last updated on 2025-05-17 15:50:43 CEST.

Flavor Version Tinstall Tcheck Ttotal Status Flags
r-devel-linux-x86_64-debian-clang 1.6.3 56.55 131.77 188.32 NOTE
r-devel-linux-x86_64-debian-gcc 1.6.3 43.82 84.90 128.72 NOTE
r-devel-linux-x86_64-fedora-clang 1.6.3 324.05 OK
r-devel-linux-x86_64-fedora-gcc 1.6.3 357.36 OK
r-devel-windows-x86_64 1.6.3 63.00 136.00 199.00 OK
r-patched-linux-x86_64 1.6.3 58.31 127.42 185.73 NOTE
r-release-linux-x86_64 1.6.3 57.08 128.79 185.87 NOTE
r-release-macos-arm64 1.6.3 77.00 OK
r-release-macos-x86_64 1.6.3 179.00 OK
r-release-windows-x86_64 1.6.3 63.00 132.00 195.00 OK
r-oldrel-macos-arm64 1.6.3 73.00 NOTE
r-oldrel-macos-x86_64 1.6.3 118.00 NOTE
r-oldrel-windows-x86_64 1.6.3 82.00 172.00 254.00 OK

Check Details

Version: 1.6.3
Check: CRAN incoming feasibility
Result: NOTE Maintainer: ‘Andreas Groll <groll@statistik.tu-dortmund.de>’ No Authors@R field in DESCRIPTION. Please add one, modifying Authors@R: person(given = "Andreas", family = "Groll", role = c("aut", "cre"), email = "groll@statistik.tu-dortmund.de") as necessary. Flavors: r-devel-linux-x86_64-debian-clang, r-devel-linux-x86_64-debian-gcc

Version: 1.6.3
Check: for unstated dependencies in ‘demo’
Result: NOTE 'library' or 'require' calls not declared from: ‘MASS’ ‘nlme’ Flavors: r-devel-linux-x86_64-debian-clang, r-devel-linux-x86_64-debian-gcc, r-patched-linux-x86_64, r-release-linux-x86_64

Version: 1.6.3
Check: installed package size
Result: NOTE installed size is 10.6Mb sub-directories of 1Mb or more: libs 10.0Mb Flavors: r-oldrel-macos-arm64, r-oldrel-macos-x86_64

These binaries (installable software) and packages are in development.
They may not be fully stable and should be used with caution. We make no claims about them.
Health stats visible at Monitor.