Last updated on 2025-05-17 15:50:43 CEST.
Flavor | Version | Tinstall | Tcheck | Ttotal | Status | Flags |
---|---|---|---|---|---|---|
r-devel-linux-x86_64-debian-clang | 1.4.5 | 10.90 | 139.76 | 150.66 | OK | |
r-devel-linux-x86_64-debian-gcc | 1.4.5 | 8.98 | 97.94 | 106.92 | ERROR | |
r-devel-linux-x86_64-fedora-clang | 1.4.5 | 237.73 | OK | |||
r-devel-linux-x86_64-fedora-gcc | 1.4.5 | 262.11 | OK | |||
r-devel-windows-x86_64 | 1.4.5 | 18.00 | 198.00 | 216.00 | OK | |
r-patched-linux-x86_64 | 1.4.5 | 11.55 | 132.61 | 144.16 | OK | |
r-release-linux-x86_64 | 1.4.5 | 10.05 | 138.24 | 148.29 | OK | |
r-release-macos-arm64 | 1.4.5 | 125.00 | OK | |||
r-release-macos-x86_64 | 1.4.5 | 176.00 | OK | |||
r-release-windows-x86_64 | 1.4.5 | 19.00 | 198.00 | 217.00 | OK | |
r-oldrel-macos-arm64 | 1.4.5 | 107.00 | OK | |||
r-oldrel-macos-x86_64 | 1.4.5 | 193.00 | OK | |||
r-oldrel-windows-x86_64 | 1.4.5 | 21.00 | 241.00 | 262.00 | OK |
Version: 1.4.5
Check: tests
Result: ERROR
Running ‘BinBerTest.R’ [5s/16s]
Comparing ‘BinBerTest.Rout’ to ‘BinBerTest.Rout.save’ ... OK
Running ‘binomfamtest.R’ [1s/2s]
Comparing ‘binomfamtest.Rout’ to ‘binomfamtest.Rout.save’ ... OK
Running ‘cfamilies.R’ [1s/2s]
Comparing ‘cfamilies.Rout’ to ‘cfamilies.Rout.save’ ... OK
Running ‘coreTest.R’ [3s/15s]
Comparing ‘coreTest.Rout’ to ‘coreTest.Rout.save’ ... OK
Running ‘distRandtests.R’ [2s/2s]
Comparing ‘distRandtests.Rout’ to ‘distRandtests.Rout.save’ ... OK
Running ‘elTest.R’ [3s/9s]
Comparing ‘elTest.Rout’ to ‘elTest.Rout.save’ ... OK
Running ‘families.R’ [1s/2s]
Comparing ‘families.Rout’ to ‘families.Rout.save’ ... OK
Running ‘familiesFiniteDiffs.R’ [2s/2s]
Comparing ‘familiesFiniteDiffs.Rout’ to ‘familiesFiniteDiffs.Rout.save’ ... OK
Running ‘matvecmult.R’ [1s/2s]
Comparing ‘matvecmult.Rout’ to ‘matvecmult.Rout.save’ ... OK
Running ‘mcseTest.R’ [4s/10s]
Comparing ‘mcseTest.Rout’ to ‘mcseTest.Rout.save’ ... OK
Running ‘objfunTest.R’ [1s/1s]
Running ‘salamFiniteDiffs.R’ [4s/14s]
Comparing ‘salamFiniteDiffs.Rout’ to ‘salamFiniteDiffs.Rout.save’ ... OK
Running ‘testpiecesBH.R’ [4s/11s]
Comparing ‘testpiecesBH.Rout’ to ‘testpiecesBH.Rout.save’ ... OK
Running ‘testt.R’ [1s/2s]
Comparing ‘testt.Rout’ to ‘testt.Rout.save’ ... OK
Running ‘weightsTest.R’ [4s/14s]
Comparing ‘weightsTest.Rout’ to ‘weightsTest.Rout.save’ ... OK
Running the tests in ‘tests/objfunTest.R’ failed.
Complete output:
> #check objfun using finite differences
> library(glmm)
Loading required package: trust
Loading required package: mvtnorm
Loading required package: Matrix
Loading required package: parallel
Loading required package: doParallel
Loading required package: foreach
Loading required package: iterators
> data(BoothHobert)
> clust <- makeCluster(2)
Error in serverSocket(port = port) :
creation of server socket failed: port 11600 cannot be opened
Calls: makeCluster -> makePSOCKcluster -> serverSocket
Execution halted
Flavor: r-devel-linux-x86_64-debian-gcc
These binaries (installable software) and packages are in development.
They may not be fully stable and should be used with caution. We make no claims about them.
Health stats visible at Monitor.