Last updated on 2024-05-02 01:57:00 CEST.
Flavor | Version | Tinstall | Tcheck | Ttotal | Status | Flags |
---|---|---|---|---|---|---|
r-devel-linux-x86_64-debian-clang | 0.1.6 | 1.48 | 29.19 | 30.67 | ERROR | |
r-devel-linux-x86_64-debian-gcc | 0.1.6 | 1.71 | 23.02 | 24.73 | OK | |
r-devel-linux-x86_64-fedora-clang | 0.1.6 | 41.78 | OK | |||
r-devel-linux-x86_64-fedora-gcc | 0.1.6 | 52.50 | OK | |||
r-devel-windows-x86_64 | 0.1.6 | 3.00 | 47.00 | 50.00 | OK | |
r-patched-linux-x86_64 | 0.1.6 | 2.33 | 28.50 | 30.83 | OK | |
r-release-linux-x86_64 | 0.1.6 | 1.60 | 27.74 | 29.34 | ERROR | |
r-release-macos-arm64 | 0.1.6 | 30.00 | OK | |||
r-release-windows-x86_64 | 0.1.6 | 3.00 | 47.00 | 50.00 | OK | |
r-oldrel-macos-arm64 | 0.1.6 | 39.00 | OK | |||
r-oldrel-macos-x86_64 | 0.1.6 | 57.00 | OK | |||
r-oldrel-windows-x86_64 | 0.1.6 | 3.00 | 45.00 | 48.00 | OK |
Version: 0.1.6
Check: examples
Result: ERROR
Running examples in ‘gitignore-Ex.R’ failed
The error most likely occurred in:
> base::assign(".ptime", proc.time(), pos = "CheckExEnv")
> ### Name: gi_available_templates
> ### Title: Fetch available templates from gitignore.io
> ### Aliases: gi_available_templates
>
> ### ** Examples
>
> gi_available_templates()
Error in curl::curl_fetch_memory(url) :
Failed writing received data to disk/application
Calls: gi_available_templates -> <Anonymous>
Execution halted
Flavors: r-devel-linux-x86_64-debian-clang, r-release-linux-x86_64
These binaries (installable software) and packages are in development.
They may not be fully stable and should be used with caution. We make no claims about them.
Health stats visible at Monitor.