CRAN Package Check Results for Package gimap

Last updated on 2025-05-18 11:51:45 CEST.

Flavor Version Tinstall Tcheck Ttotal Status Flags
r-devel-linux-x86_64-debian-clang 1.1.1 9.33 79.55 88.88 OK
r-devel-linux-x86_64-debian-gcc 1.1.1 5.80 56.26 62.06 OK
r-devel-linux-x86_64-fedora-clang 1.1.1 141.41 OK
r-devel-linux-x86_64-fedora-gcc 1.1.1 142.11 OK
r-devel-windows-x86_64 1.1.1 11.00 99.00 110.00 OK
r-patched-linux-x86_64 1.1.1 7.96 70.78 78.74 OK
r-release-linux-x86_64 1.1.1 8.72 72.91 81.63 OK
r-release-macos-arm64 1.1.1 84.00 OK
r-release-macos-x86_64 1.1.1 130.00 OK
r-release-windows-x86_64 1.1.1 12.00 130.00 142.00 OK
r-oldrel-macos-arm64 1.1.1 62.00 OK
r-oldrel-macos-x86_64 1.1.1 129.00 OK
r-oldrel-windows-x86_64 1.1.1 13.00 114.00 127.00 ERROR

Check Details

Version: 1.1.1
Check: re-building of vignette outputs
Result: ERROR Error(s) in re-building vignettes: --- re-building 'quick-start.Rmd' using rmarkdown File output_timepoints/exp_v_obs_scatter.png not found in resource path Error: processing vignette 'quick-start.Rmd' failed with diagnostics: pandoc document conversion failed with error 99 --- failed re-building 'quick-start.Rmd' --- re-building 'timepoint-example.Rmd' using rmarkdown Warning in get_engine(options$engine) : Unknown language engine 'reval' (must be registered via knit_engines$set()). File output_timepoints/exp_v_obs_scatter.png not found in resource path Error: processing vignette 'timepoint-example.Rmd' failed with diagnostics: pandoc document conversion failed with error 99 --- failed re-building 'timepoint-example.Rmd' --- re-building 'treatment_example.Rmd' using rmarkdown File output_treatment/exp_v_obs_scatter.png not found in resource path Error: processing vignette 'treatment_example.Rmd' failed with diagnostics: pandoc document conversion failed with error 99 --- failed re-building 'treatment_example.Rmd' SUMMARY: processing the following files failed: 'quick-start.Rmd' 'timepoint-example.Rmd' 'treatment_example.Rmd' Error: Vignette re-building failed. Execution halted Flavor: r-oldrel-windows-x86_64

These binaries (installable software) and packages are in development.
They may not be fully stable and should be used with caution. We make no claims about them.
Health stats visible at Monitor.