Last updated on 2025-05-15 09:52:16 CEST.
Flavor | Version | Tinstall | Tcheck | Ttotal | Status | Flags |
---|---|---|---|---|---|---|
r-devel-linux-x86_64-debian-clang | 0.1.1 | 25.27 | 63.23 | 88.50 | NOTE | |
r-devel-linux-x86_64-debian-gcc | 0.1.1 | 19.71 | 48.24 | 67.95 | NOTE | |
r-devel-linux-x86_64-fedora-clang | 0.1.1 | 148.35 | OK | |||
r-devel-linux-x86_64-fedora-gcc | 0.1.1 | 172.79 | OK | |||
r-devel-windows-x86_64 | 0.1.1 | 30.00 | 95.00 | 125.00 | OK | |
r-patched-linux-x86_64 | 0.1.1 | 25.15 | 58.75 | 83.90 | OK | |
r-release-linux-x86_64 | 0.1.1 | 26.07 | 63.94 | 90.01 | OK | |
r-release-macos-arm64 | 0.1.1 | 59.00 | OK | |||
r-release-macos-x86_64 | 0.1.1 | 85.00 | OK | |||
r-release-windows-x86_64 | 0.1.1 | 30.00 | 95.00 | 125.00 | OK | |
r-oldrel-macos-arm64 | 0.1.1 | 48.00 | NOTE | |||
r-oldrel-macos-x86_64 | 0.1.1 | 69.00 | NOTE | |||
r-oldrel-windows-x86_64 | 0.1.1 | 36.00 | 110.00 | 146.00 | OK |
Version: 0.1.1
Check: CRAN incoming feasibility
Result: NOTE
Maintainer: ‘Shiyun Lin <linshy27@mail2.sysu.edu.cn>’
The Description field contains
<arXiv:1407.7819>. Secondly, a closed form solution for graphical lasso
Please refer to arXiv e-prints via their arXiv DOI <doi:10.48550/arXiv.YYMM.NNNNN>.
Flavors: r-devel-linux-x86_64-debian-clang, r-devel-linux-x86_64-debian-gcc
Version: 0.1.1
Check: installed package size
Result: NOTE
installed size is 6.2Mb
sub-directories of 1Mb or more:
doc 1.1Mb
libs 4.9Mb
Flavors: r-oldrel-macos-arm64, r-oldrel-macos-x86_64
These binaries (installable software) and packages are in development.
They may not be fully stable and should be used with caution. We make no claims about them.
Health stats visible at Monitor.