Last updated on 2025-10-10 03:51:05 CEST.
Flavor | Version | Tinstall | Tcheck | Ttotal | Status | Flags |
---|---|---|---|---|---|---|
r-devel-linux-x86_64-debian-clang | 1.0.1 | 3.56 | 31.70 | 35.26 | OK | |
r-devel-linux-x86_64-debian-gcc | 1.0.1 | 3.11 | 24.11 | 27.22 | OK | |
r-devel-linux-x86_64-fedora-clang | 1.0.1 | 7.34 | ERROR | |||
r-devel-linux-x86_64-fedora-gcc | 1.0.1 | 44.60 | OK | |||
r-devel-windows-x86_64 | 1.0.1 | 9.00 | 48.00 | 57.00 | OK | |
r-patched-linux-x86_64 | 1.0.1 | 4.03 | 28.04 | 32.07 | OK | |
r-release-linux-x86_64 | 1.0.1 | 3.35 | 32.17 | 35.52 | NOTE | |
r-release-macos-arm64 | 1.0.1 | 40.00 | OK | |||
r-release-macos-x86_64 | 1.0.1 | 73.00 | OK | |||
r-release-windows-x86_64 | 1.0.1 | 10.00 | 48.00 | 58.00 | OK | |
r-oldrel-macos-arm64 | 1.0.1 | 36.00 | NOTE | |||
r-oldrel-macos-x86_64 | 1.0.1 | 47.00 | NOTE | |||
r-oldrel-windows-x86_64 | 1.0.1 | 11.00 | 56.00 | 67.00 | NOTE |
Version: 1.0.1
Check: whether package can be installed
Result: ERROR
Installation failed.
Flavor: r-devel-linux-x86_64-fedora-clang
Version: 1.0.1
Check: whether the namespace can be loaded with stated dependencies
Result: NOTE
Warning in dir.create(dest_folder) :
cannot create dir '/home/hornik/tmp/R.check/r-release-gcc/Work/build/Packages/giacR/Giac', reason 'Read-only file system'
Warning in file.create(to[okay]) :
cannot create file '/home/hornik/tmp/R.check/r-release-gcc/Work/build/Packages/giacR/Giac/giacwasm.js', reason 'No such file or directory'
A namespace must be able to be loaded with just the base namespace
loaded: otherwise if the namespace gets loaded by a saved object, the
session will be unable to start.
Probably some imports need to be declared in the NAMESPACE file.
Flavor: r-release-linux-x86_64
Version: 1.0.1
Check: installed package size
Result: NOTE
installed size is 18.0Mb
sub-directories of 1Mb or more:
Giac 17.9Mb
Flavors: r-oldrel-macos-arm64, r-oldrel-macos-x86_64, r-oldrel-windows-x86_64
These binaries (installable software) and packages are in development.
They may not be fully stable and should be used with caution. We make no claims about them.
Health stats visible at Monitor.