CRAN Package Check Results for Package ggstream

Last updated on 2025-10-09 17:50:39 CEST.

Flavor Version Tinstall Tcheck Ttotal Status Flags
r-devel-linux-x86_64-debian-clang 0.1.0 5.06 40.98 46.04 ERROR
r-devel-linux-x86_64-debian-gcc 0.1.0 3.54 31.17 34.71 ERROR
r-devel-linux-x86_64-fedora-clang 0.1.0 71.42 ERROR
r-devel-linux-x86_64-fedora-gcc 0.1.0 61.88 ERROR
r-devel-windows-x86_64 0.1.0 6.00 54.00 60.00 ERROR
r-patched-linux-x86_64 0.1.0 3.80 37.69 41.49 ERROR
r-release-linux-x86_64 0.1.0 4.63 37.80 42.43 ERROR
r-release-macos-arm64 0.1.0 19.00 OK
r-release-macos-x86_64 0.1.0 36.00 OK
r-release-windows-x86_64 0.1.0 8.00 54.00 62.00 ERROR
r-oldrel-macos-arm64 0.1.0 21.00 OK
r-oldrel-macos-x86_64 0.1.0 38.00 OK
r-oldrel-windows-x86_64 0.1.0 8.00 62.00 70.00 ERROR

Check Details

Version: 0.1.0
Check: tests
Result: ERROR Running ‘testthat.R’ [2s/3s] Running the tests in ‘tests/testthat.R’ failed. Complete output: > library(testthat) > library(ggstream) > > test_check("ggstream") [ FAIL 1 | WARN 0 | SKIP 0 | PASS 0 ] ══ Failed tests ════════════════════════════════════════════════════════════════ ── Failure ('test-geom_stream.R:4:3'): geom_stream ───────────────────────────── class(...) not equal to c("gg", "ggplot"). Lengths differ: 5 is not 2 [ FAIL 1 | WARN 0 | SKIP 0 | PASS 0 ] Error: Test failures Execution halted Flavors: r-devel-linux-x86_64-debian-clang, r-devel-linux-x86_64-debian-gcc, r-release-linux-x86_64

Version: 0.1.0
Check: dependencies in R code
Result: NOTE Namespace in Imports field not imported from: ‘tidyr’ All declared Imports should be used. Flavors: r-devel-linux-x86_64-fedora-clang, r-devel-linux-x86_64-fedora-gcc

Version: 0.1.0
Check: tests
Result: ERROR Running ‘testthat.R’ Running the tests in ‘tests/testthat.R’ failed. Complete output: > library(testthat) > library(ggstream) > > test_check("ggstream") [ FAIL 1 | WARN 0 | SKIP 0 | PASS 0 ] ══ Failed tests ════════════════════════════════════════════════════════════════ ── Failure ('test-geom_stream.R:4:3'): geom_stream ───────────────────────────── class(...) not equal to c("gg", "ggplot"). Lengths differ: 5 is not 2 [ FAIL 1 | WARN 0 | SKIP 0 | PASS 0 ] Error: Test failures Execution halted Flavors: r-devel-linux-x86_64-fedora-clang, r-devel-linux-x86_64-fedora-gcc

Version: 0.1.0
Check: tests
Result: ERROR Running 'testthat.R' [2s] Running the tests in 'tests/testthat.R' failed. Complete output: > library(testthat) > library(ggstream) > > test_check("ggstream") [ FAIL 1 | WARN 0 | SKIP 0 | PASS 0 ] ══ Failed tests ════════════════════════════════════════════════════════════════ ── Failure ('test-geom_stream.R:4:3'): geom_stream ───────────────────────────── class(...) not equal to c("gg", "ggplot"). Lengths differ: 5 is not 2 [ FAIL 1 | WARN 0 | SKIP 0 | PASS 0 ] Error: Test failures Execution halted Flavors: r-devel-windows-x86_64, r-release-windows-x86_64, r-oldrel-windows-x86_64

Version: 0.1.0
Check: tests
Result: ERROR Running ‘testthat.R’ [2s/2s] Running the tests in ‘tests/testthat.R’ failed. Complete output: > library(testthat) > library(ggstream) > > test_check("ggstream") [ FAIL 1 | WARN 0 | SKIP 0 | PASS 0 ] ══ Failed tests ════════════════════════════════════════════════════════════════ ── Failure ('test-geom_stream.R:4:3'): geom_stream ───────────────────────────── class(...) not equal to c("gg", "ggplot"). Lengths differ: 5 is not 2 [ FAIL 1 | WARN 0 | SKIP 0 | PASS 0 ] Error: Test failures Execution halted Flavor: r-patched-linux-x86_64

These binaries (installable software) and packages are in development.
They may not be fully stable and should be used with caution. We make no claims about them.
Health stats visible at Monitor.