CRAN Package Check Results for Package ggspark

Last updated on 2025-05-17 09:49:11 CEST.

Flavor Version Tinstall Tcheck Ttotal Status Flags
r-devel-linux-x86_64-debian-clang 0.0.2 4.90 45.13 50.03 OK
r-devel-linux-x86_64-debian-gcc 0.0.2 3.14 32.21 35.35 OK
r-devel-linux-x86_64-fedora-clang 0.0.2 75.87 OK
r-devel-linux-x86_64-fedora-gcc 0.0.2 71.24 OK
r-devel-windows-x86_64 0.0.2 6.00 61.00 67.00 ERROR
r-patched-linux-x86_64 0.0.2 4.53 40.14 44.67 OK
r-release-linux-x86_64 0.0.2 4.03 40.45 44.48 OK
r-release-macos-arm64 0.0.2 27.00 OK
r-release-macos-x86_64 0.0.2 41.00 OK
r-release-windows-x86_64 0.0.2 8.00 61.00 69.00 ERROR
r-oldrel-macos-arm64 0.0.2 24.00 OK
r-oldrel-macos-x86_64 0.0.2 34.00 OK
r-oldrel-windows-x86_64 0.0.2 9.00 70.00 79.00 OK

Check Details

Version: 0.0.2
Check: tests
Result: ERROR Running 'tinytest.R' [3s] Running the tests in 'tests/tinytest.R' failed. Complete output: > > if ( requireNamespace("tinytest", quietly=TRUE) ){ + tinytest::test_package("ggspark") + } test-plot.R................... 0 tests test-plot.R................... 0 tests test-plot.R................... 0 tests test-plot.R................... 0 tests test-plot.R................... 0 tests test-plot.R................... 0 tests (process:126872): Pango-WARNING **: 15:59:00.804: couldn't load font "Liberation Sans Not-Rotated 11.0400390625", falling back to "Sans Not-Rotated 11.0400390625", expect ugly output. (process:126872): Pango-WARNING **: 15:59:00.820: couldn't load font "Liberation Sans Not-Rotated 8.7998046875", falling back to "Sans Not-Rotated 8.7998046875", expect ugly output. (process:126872): Pango-WARNING **: 15:59:00.820: couldn't load font "Liberation Sans Not-Rotated 11", falling back to "Sans Not-Rotated 11", expect ugly output. (process:126872): Pango-WARNING **: 15:59:00.835: couldn't load font "Liberation Sans Not-Rotated 13.2001953125", falling back to "Sans Not-Rotated 13.2001953125", expect ugly output. test-plot.R................... 1 tests <1b>[0;31m1 fails<1b>[0m <1b>[0;34m1.7s<1b>[0m ----- FAILED[]: test-plot.R<22--22> call| expect_snapshot_plot(p, label = "ggplot2_example") diff| 5738 info| Diff plot saved to: _tinysnapshot_review/ggplot2_example.png Error: 1 out of 1 tests failed Execution halted Flavor: r-devel-windows-x86_64

Version: 0.0.2
Check: tests
Result: ERROR Running 'tinytest.R' [3s] Running the tests in 'tests/tinytest.R' failed. Complete output: > > if ( requireNamespace("tinytest", quietly=TRUE) ){ + tinytest::test_package("ggspark") + } test-plot.R................... 0 tests test-plot.R................... 0 tests test-plot.R................... 0 tests test-plot.R................... 0 tests test-plot.R................... 0 tests test-plot.R................... 0 tests (process:23816): Pango-WARNING **: 11:26:14.181: couldn't load font "Liberation Sans Not-Rotated 11.0400390625", falling back to "Sans Not-Rotated 11.0400390625", expect ugly output. (process:23816): Pango-WARNING **: 11:26:14.197: couldn't load font "Liberation Sans Not-Rotated 8.7998046875", falling back to "Sans Not-Rotated 8.7998046875", expect ugly output. (process:23816): Pango-WARNING **: 11:26:14.212: couldn't load font "Liberation Sans Not-Rotated 11", falling back to "Sans Not-Rotated 11", expect ugly output. (process:23816): Pango-WARNING **: 11:26:14.228: couldn't load font "Liberation Sans Not-Rotated 13.2001953125", falling back to "Sans Not-Rotated 13.2001953125", expect ugly output. test-plot.R................... 1 tests <1b>[0;31m1 fails<1b>[0m <1b>[0;34m1.6s<1b>[0m ----- FAILED[]: test-plot.R<22--22> call| expect_snapshot_plot(p, label = "ggplot2_example") diff| 5738 info| Diff plot saved to: _tinysnapshot_review/ggplot2_example.png Error: 1 out of 1 tests failed Execution halted Flavor: r-release-windows-x86_64

These binaries (installable software) and packages are in development.
They may not be fully stable and should be used with caution. We make no claims about them.
Health stats visible at Monitor.