Last updated on 2025-05-15 09:52:16 CEST.
Flavor | Version | Tinstall | Tcheck | Ttotal | Status | Flags |
---|---|---|---|---|---|---|
r-devel-linux-x86_64-debian-clang | 0.6.4 | 4.53 | 47.33 | 51.86 | NOTE | |
r-devel-linux-x86_64-debian-gcc | 0.6.4 | 2.74 | 33.86 | 36.60 | NOTE | |
r-devel-linux-x86_64-fedora-clang | 0.6.4 | 82.29 | OK | |||
r-devel-linux-x86_64-fedora-gcc | 0.6.4 | 98.78 | OK | |||
r-devel-windows-x86_64 | 0.6.4 | 8.00 | 59.00 | 67.00 | OK | |
r-patched-linux-x86_64 | 0.6.4 | 3.34 | 45.06 | 48.40 | OK | |
r-release-linux-x86_64 | 0.6.4 | 4.10 | 45.27 | 49.37 | OK | |
r-release-macos-arm64 | 0.6.4 | 46.00 | OK | |||
r-release-macos-x86_64 | 0.6.4 | 55.00 | OK | |||
r-release-windows-x86_64 | 0.6.4 | 8.00 | 58.00 | 66.00 | OK | |
r-oldrel-macos-arm64 | 0.6.4 | 31.00 | OK | |||
r-oldrel-macos-x86_64 | 0.6.4 | 55.00 | OK | |||
r-oldrel-windows-x86_64 | 0.6.4 | 7.00 | 68.00 | 75.00 | OK |
Version: 0.6.4
Check: CRAN incoming feasibility
Result: NOTE
Maintainer: ‘Constantin Ahlmann-Eltze <artjom31415@googlemail.com>’
Package CITATION file contains call(s) to old-style citEntry(). Please
use bibentry() instead.
Flavors: r-devel-linux-x86_64-debian-clang, r-devel-linux-x86_64-debian-gcc
Version: 0.6.4
Check: DESCRIPTION meta-information
Result: NOTE
Author field differs from that derived from Authors@R
Author: ‘Constantin Ahlmann-Eltze [aut, cre, ctb] (<https://orcid.org/0000-0002-3762-068X>, @const_ae), Indrajeet Patil [aut, ctb] (<https://orcid.org/0000-0003-1995-6531>, @patilindrajeets)’
Authors@R: ‘Constantin Ahlmann-Eltze [aut, cre, ctb] (ORCID: <https://orcid.org/0000-0002-3762-068X>, Twitter: @const_ae), Indrajeet Patil [aut, ctb] (ORCID: <https://orcid.org/0000-0003-1995-6531>, Twitter: @patilindrajeets)’
Flavors: r-devel-linux-x86_64-debian-clang, r-devel-linux-x86_64-debian-gcc
These binaries (installable software) and packages are in development.
They may not be fully stable and should be used with caution. We make no claims about them.
Health stats visible at Monitor.