Last updated on 2025-02-02 05:48:24 CET.
Flavor | Version | Tinstall | Tcheck | Ttotal | Status | Flags |
---|---|---|---|---|---|---|
r-devel-linux-x86_64-debian-clang | 0.5.4 | 6.44 | 77.18 | 83.62 | NOTE | |
r-devel-linux-x86_64-debian-gcc | 0.5.4 | 5.07 | 55.22 | 60.29 | NOTE | |
r-devel-linux-x86_64-fedora-clang | 0.5.4 | 136.80 | OK | |||
r-devel-linux-x86_64-fedora-gcc | 0.5.4 | 138.45 | OK | |||
r-devel-windows-x86_64 | 0.5.4 | 9.00 | 95.00 | 104.00 | NOTE | |
r-patched-linux-x86_64 | 0.5.4 | 10.58 | 71.09 | 81.67 | OK | |
r-release-linux-x86_64 | 0.5.4 | 6.26 | 71.29 | 77.55 | OK | |
r-release-macos-arm64 | 0.5.4 | 38.00 | OK | |||
r-release-macos-x86_64 | 0.5.4 | 64.00 | OK | |||
r-release-windows-x86_64 | 0.5.4 | 11.00 | 97.00 | 108.00 | OK | |
r-oldrel-macos-arm64 | 0.5.4 | 40.00 | OK | |||
r-oldrel-macos-x86_64 | 0.5.4 | 68.00 | OK | |||
r-oldrel-windows-x86_64 | 0.5.4 | 11.00 | 108.00 | 119.00 | OK |
Version: 0.5.4
Check: Rd cross-references
Result: NOTE
Found the following Rd file(s) with Rd \link{} targets missing package
anchors:
ggsdc.Rd: seas
stat_decomp.Rd: aes, aes_, ggplot, fortify, borders
stat_index.Rd: aes, aes_, ggplot, fortify, borders
stat_rollapplyr.Rd: aes, aes_, ggplot, fortify, borders
stat_seas.Rd: aes, aes_, ggplot, fortify, borders, seas
stat_stl.Rd: aes, aes_, ggplot, fortify, borders
Please provide package anchors for all Rd \link{} targets not in the
package itself and the base packages.
Flavors: r-devel-linux-x86_64-debian-clang, r-devel-linux-x86_64-debian-gcc, r-devel-windows-x86_64
These binaries (installable software) and packages are in development.
They may not be fully stable and should be used with caution. We make no claims about them.
Health stats visible at Monitor.