CRAN Package Check Results for Package ggpubr

Last updated on 2025-10-10 09:50:30 CEST.

Flavor Version Tinstall Tcheck Ttotal Status Flags
r-devel-linux-x86_64-debian-clang 0.6.1 17.05 351.53 368.58 ERROR
r-devel-linux-x86_64-debian-gcc 0.6.1 8.88 229.80 238.68 ERROR
r-devel-linux-x86_64-fedora-clang 0.6.1 573.38 ERROR
r-devel-linux-x86_64-fedora-gcc 0.6.1 491.80 ERROR
r-devel-windows-x86_64 0.6.1 19.00 316.00 335.00 ERROR
r-patched-linux-x86_64 0.6.1 18.19 328.48 346.67 OK
r-release-linux-x86_64 0.6.1 14.64 331.49 346.13 OK
r-release-macos-arm64 0.6.1 100.00 OK
r-release-macos-x86_64 0.6.1 112.00 OK
r-release-windows-x86_64 0.6.1 18.00 314.00 332.00 OK
r-oldrel-macos-arm64 0.6.1 101.00 OK
r-oldrel-macos-x86_64 0.6.1 137.00 OK
r-oldrel-windows-x86_64 0.6.1 26.00 415.00 441.00 OK

Check Details

Version: 0.6.1
Check: tests
Result: ERROR Running ‘testthat.R’ [38s/55s] Running the tests in ‘tests/testthat.R’ failed. Complete output: > library(testthat) > library(ggpubr) Loading required package: ggplot2 > > test_check("ggpubr") [ FAIL 4 | WARN 1 | SKIP 0 | PASS 214 ] ══ Failed tests ════════════════════════════════════════════════════════════════ ── Failure ('test-compare_means.R:38:3'): compare_means works for Two-samples paired test ── `results` not equal to `expected`. Component "p.format": 1 string mismatch ── Failure ('test-compare_means.R:52:3'): compare_means works for pairwise comparisons ── `results` not equal to `expected`. Component "p.format": 3 string mismatches Component "p.signif": 1 string mismatch ── Failure ('test-compare_means.R:64:3'): compare_means works for comparison against reference groups ── `results` not equal to `expected`. Component "p.format": 2 string mismatches ── Failure ('test-stat_compare_means.R:101:3'): stat_compare_means works for paired samples comparison ── `label_coords_expected` not equal to `label_coords_observed`. Component "label": 1 string mismatch [ FAIL 4 | WARN 1 | SKIP 0 | PASS 214 ] Error: Test failures Execution halted Flavor: r-devel-linux-x86_64-debian-clang

Version: 0.6.1
Check: tests
Result: ERROR Running ‘testthat.R’ [24s/30s] Running the tests in ‘tests/testthat.R’ failed. Complete output: > library(testthat) > library(ggpubr) Loading required package: ggplot2 > > test_check("ggpubr") [ FAIL 4 | WARN 1 | SKIP 0 | PASS 214 ] ══ Failed tests ════════════════════════════════════════════════════════════════ ── Failure ('test-compare_means.R:38:3'): compare_means works for Two-samples paired test ── `results` not equal to `expected`. Component "p.format": 1 string mismatch ── Failure ('test-compare_means.R:52:3'): compare_means works for pairwise comparisons ── `results` not equal to `expected`. Component "p.format": 3 string mismatches Component "p.signif": 1 string mismatch ── Failure ('test-compare_means.R:64:3'): compare_means works for comparison against reference groups ── `results` not equal to `expected`. Component "p.format": 2 string mismatches ── Failure ('test-stat_compare_means.R:101:3'): stat_compare_means works for paired samples comparison ── `label_coords_expected` not equal to `label_coords_observed`. Component "label": 1 string mismatch [ FAIL 4 | WARN 1 | SKIP 0 | PASS 214 ] Error: Test failures Execution halted Flavor: r-devel-linux-x86_64-debian-gcc

Version: 0.6.1
Check: tests
Result: ERROR Running ‘testthat.R’ [59s/98s] Running the tests in ‘tests/testthat.R’ failed. Complete output: > library(testthat) > library(ggpubr) Loading required package: ggplot2 > > test_check("ggpubr") [ FAIL 4 | WARN 1 | SKIP 0 | PASS 214 ] ══ Failed tests ════════════════════════════════════════════════════════════════ ── Failure ('test-compare_means.R:38:3'): compare_means works for Two-samples paired test ── `results` not equal to `expected`. Component "p.format": 1 string mismatch ── Failure ('test-compare_means.R:52:3'): compare_means works for pairwise comparisons ── `results` not equal to `expected`. Component "p.format": 3 string mismatches Component "p.signif": 1 string mismatch ── Failure ('test-compare_means.R:64:3'): compare_means works for comparison against reference groups ── `results` not equal to `expected`. Component "p.format": 2 string mismatches ── Failure ('test-stat_compare_means.R:101:3'): stat_compare_means works for paired samples comparison ── `label_coords_expected` not equal to `label_coords_observed`. Component "label": 1 string mismatch [ FAIL 4 | WARN 1 | SKIP 0 | PASS 214 ] Error: Test failures Execution halted Flavor: r-devel-linux-x86_64-fedora-clang

Version: 0.6.1
Check: tests
Result: ERROR Running ‘testthat.R’ [50s/63s] Running the tests in ‘tests/testthat.R’ failed. Complete output: > library(testthat) > library(ggpubr) Loading required package: ggplot2 > > test_check("ggpubr") [ FAIL 4 | WARN 1 | SKIP 0 | PASS 214 ] ══ Failed tests ════════════════════════════════════════════════════════════════ ── Failure ('test-compare_means.R:38:3'): compare_means works for Two-samples paired test ── `results` not equal to `expected`. Component "p.format": 1 string mismatch ── Failure ('test-compare_means.R:52:3'): compare_means works for pairwise comparisons ── `results` not equal to `expected`. Component "p.format": 3 string mismatches Component "p.signif": 1 string mismatch ── Failure ('test-compare_means.R:64:3'): compare_means works for comparison against reference groups ── `results` not equal to `expected`. Component "p.format": 2 string mismatches ── Failure ('test-stat_compare_means.R:101:3'): stat_compare_means works for paired samples comparison ── `label_coords_expected` not equal to `label_coords_observed`. Component "label": 1 string mismatch [ FAIL 4 | WARN 1 | SKIP 0 | PASS 214 ] Error: Test failures Execution halted Flavor: r-devel-linux-x86_64-fedora-gcc

Version: 0.6.1
Check: tests
Result: ERROR Running 'testthat.R' [28s] Running the tests in 'tests/testthat.R' failed. Complete output: > library(testthat) > library(ggpubr) Loading required package: ggplot2 > > test_check("ggpubr") [ FAIL 4 | WARN 1 | SKIP 0 | PASS 214 ] ══ Failed tests ════════════════════════════════════════════════════════════════ ── Failure ('test-compare_means.R:38:3'): compare_means works for Two-samples paired test ── `results` not equal to `expected`. Component "p.format": 1 string mismatch ── Failure ('test-compare_means.R:52:3'): compare_means works for pairwise comparisons ── `results` not equal to `expected`. Component "p.format": 3 string mismatches Component "p.signif": 1 string mismatch ── Failure ('test-compare_means.R:64:3'): compare_means works for comparison against reference groups ── `results` not equal to `expected`. Component "p.format": 2 string mismatches ── Failure ('test-stat_compare_means.R:101:3'): stat_compare_means works for paired samples comparison ── `label_coords_expected` not equal to `label_coords_observed`. Component "label": 1 string mismatch [ FAIL 4 | WARN 1 | SKIP 0 | PASS 214 ] Error: Test failures Execution halted Flavor: r-devel-windows-x86_64

These binaries (installable software) and packages are in development.
They may not be fully stable and should be used with caution. We make no claims about them.
Health stats visible at Monitor.