Last updated on 2025-02-02 05:48:24 CET.
Flavor | Version | Tinstall | Tcheck | Ttotal | Status | Flags |
---|---|---|---|---|---|---|
r-devel-linux-x86_64-debian-clang | 1.0.7 | 9.62 | 128.02 | 137.64 | NOTE | |
r-devel-linux-x86_64-debian-gcc | 1.0.7 | 6.29 | 87.69 | 93.98 | NOTE | |
r-devel-linux-x86_64-fedora-clang | 1.0.7 | 224.99 | OK | |||
r-devel-linux-x86_64-fedora-gcc | 1.0.7 | 219.40 | OK | |||
r-devel-windows-x86_64 | 1.0.7 | 12.00 | 136.00 | 148.00 | NOTE | |
r-patched-linux-x86_64 | 1.0.7 | 14.06 | 120.06 | 134.12 | OK | |
r-release-linux-x86_64 | 1.0.7 | 6.94 | 118.36 | 125.30 | OK | |
r-release-macos-arm64 | 1.0.7 | 66.00 | OK | |||
r-release-macos-x86_64 | 1.0.7 | 105.00 | OK | |||
r-release-windows-x86_64 | 1.0.7 | 11.00 | 139.00 | 150.00 | OK | |
r-oldrel-macos-arm64 | 1.0.7 | 70.00 | OK | |||
r-oldrel-macos-x86_64 | 1.0.7 | 150.00 | OK | |||
r-oldrel-windows-x86_64 | 1.0.7 | 14.00 | 162.00 | 176.00 | OK |
Version: 1.0.7
Check: Rd cross-references
Result: NOTE
Found the following Rd file(s) with Rd \link{} targets missing package
anchors:
geom_density_.Rd: geom_density
geom_hist_.Rd: geom_histogram
position_dodge_.Rd: position_dodge
position_stack_.Rd: position_stack
Please provide package anchors for all Rd \link{} targets not in the
package itself and the base packages.
Flavors: r-devel-linux-x86_64-debian-clang, r-devel-linux-x86_64-debian-gcc, r-devel-windows-x86_64
These binaries (installable software) and packages are in development.
They may not be fully stable and should be used with caution. We make no claims about them.
Health stats visible at Monitor.