Last updated on 2025-10-31 09:50:18 CET.
| Flavor | Version | Tinstall | Tcheck | Ttotal | Status | Flags | 
|---|---|---|---|---|---|---|
| r-devel-linux-x86_64-debian-clang | 0.3.3 | 2.80 | 3.37 | 6.17 | ERROR | |
| r-devel-linux-x86_64-debian-gcc | 0.3.3 | 1.68 | 2.60 | 4.28 | ERROR | |
| r-devel-linux-x86_64-fedora-clang | 0.3.3 | 13.00 | -4.94 | 8.06 | ERROR | |
| r-devel-linux-x86_64-fedora-gcc | 0.3.3 | 6.68 | ERROR | |||
| r-devel-windows-x86_64 | 0.3.3 | 3.00 | 5.00 | 8.00 | ERROR | |
| r-patched-linux-x86_64 | 0.3.3 | 2.97 | 2.16 | 5.13 | ERROR | |
| r-release-linux-x86_64 | 0.3.3 | 3.00 | 2.12 | 5.12 | ERROR | |
| r-release-macos-arm64 | 0.3.3 | 4.00 | 45.00 | 49.00 | NOTE | |
| r-release-macos-x86_64 | 0.3.3 | 7.00 | 102.00 | 109.00 | NOTE | |
| r-release-windows-x86_64 | 0.3.3 | 4.00 | 5.00 | 9.00 | ERROR | |
| r-oldrel-macos-arm64 | 0.3.3 | 4.00 | 44.00 | 48.00 | NOTE | |
| r-oldrel-macos-x86_64 | 0.3.3 | 6.00 | 72.00 | 78.00 | NOTE | |
| r-oldrel-windows-x86_64 | 0.3.3 | 6.00 | 9.00 | 15.00 | ERROR | 
Version: 0.3.3
Check: CRAN incoming feasibility
Result: NOTE
  Maintainer: ‘Haley Jeppson <hjeppson@iastate.edu>’
  
  The BugReports field in DESCRIPTION has
    https://github.com/haleyjeppson/ggmosaic
  which should likely be
    https://github.com/haleyjeppson/ggmosaic/issues
  instead.
Flavors: r-devel-linux-x86_64-debian-clang, r-devel-linux-x86_64-debian-gcc
Version: 0.3.3
Check: whether package can be installed
Result: ERROR
  Installation failed.
Flavors: r-devel-linux-x86_64-debian-clang, r-devel-linux-x86_64-debian-gcc, r-devel-linux-x86_64-fedora-clang, r-devel-linux-x86_64-fedora-gcc, r-devel-windows-x86_64, r-patched-linux-x86_64, r-release-linux-x86_64, r-release-windows-x86_64, r-oldrel-windows-x86_64
Version: 0.3.3
Check: dependencies in R code
Result: NOTE
  ':::' call which should be '::': ‘scales:::censor’
    See the note in ?`:::` about the use of this operator.
  Unexported object imported by a ':::' call: ‘productplots:::bound’
    See the note in ?`:::` about the use of this operator.
Flavors: r-release-macos-arm64, r-release-macos-x86_64, r-oldrel-macos-arm64, r-oldrel-macos-x86_64
These binaries (installable software) and packages are in development.
They may not be fully stable and should be used with caution. We make no claims about them.
Health stats visible at Monitor.