Last updated on 2025-02-23 13:51:12 CET.
Flavor | Version | Tinstall | Tcheck | Ttotal | Status | Flags |
---|---|---|---|---|---|---|
r-devel-linux-x86_64-debian-clang | 2.5.1 | 10.02 | 75.74 | 85.76 | NOTE | |
r-devel-linux-x86_64-debian-gcc | 2.5.1 | 7.55 | 50.95 | 58.50 | NOTE | |
r-devel-linux-x86_64-fedora-clang | 2.5.1 | 137.91 | OK | |||
r-devel-linux-x86_64-fedora-gcc | 2.5.1 | 135.33 | OK | |||
r-devel-macos-arm64 | 2.5.1 | 58.00 | OK | |||
r-devel-macos-x86_64 | 2.5.1 | 99.00 | OK | |||
r-devel-windows-x86_64 | 2.5.1 | 11.00 | 102.00 | 113.00 | NOTE | |
r-patched-linux-x86_64 | 2.5.1 | 14.69 | 71.91 | 86.60 | OK | |
r-release-linux-x86_64 | 2.5.1 | 8.53 | 70.38 | 78.91 | OK | |
r-release-macos-arm64 | 2.5.1 | 47.00 | OK | |||
r-release-macos-x86_64 | 2.5.1 | 80.00 | OK | |||
r-release-windows-x86_64 | 2.5.1 | 11.00 | 99.00 | 110.00 | OK | |
r-oldrel-macos-arm64 | 2.5.1 | 45.00 | OK | |||
r-oldrel-macos-x86_64 | 2.5.1 | 98.00 | OK | |||
r-oldrel-windows-x86_64 | 2.5.1 | 15.00 | 118.00 | 133.00 | OK |
Version: 2.5.1
Check: Rd cross-references
Result: NOTE
Found the following Rd file(s) with Rd \link{} targets missing package
anchors:
AG.Rd: igraph
MAG.Rd: igraph
MRG.Rd: igraph
MSG.Rd: igraph
MarkEqMag.Rd: igraph
MarkEqRcg.Rd: igraph
Max.Rd: igraph
RG.Rd: igraph
RepMarBG.Rd: igraph
RepMarDAG.Rd: igraph
RepMarUG.Rd: igraph
SG.Rd: igraph
ggm.Rd: cliques
grMAT.Rd: igraph
msep.Rd: igraph
null.Rd: Null
plotGraph.Rd: igraph, tkplot, plot.igraph
Please provide package anchors for all Rd \link{} targets not in the
package itself and the base packages.
Flavors: r-devel-linux-x86_64-debian-clang, r-devel-linux-x86_64-debian-gcc, r-devel-windows-x86_64
These binaries (installable software) and packages are in development.
They may not be fully stable and should be used with caution. We make no claims about them.
Health stats visible at Monitor.