Last updated on 2025-10-10 09:50:30 CEST.
Flavor | Version | Tinstall | Tcheck | Ttotal | Status | Flags |
---|---|---|---|---|---|---|
r-devel-linux-x86_64-debian-clang | 0.1.0 | 5.50 | 45.35 | 50.85 | ERROR | |
r-devel-linux-x86_64-debian-gcc | 0.1.0 | 3.73 | 33.47 | 37.20 | ERROR | |
r-devel-linux-x86_64-fedora-clang | 0.1.0 | 74.51 | ERROR | |||
r-devel-linux-x86_64-fedora-gcc | 0.1.0 | 70.86 | ERROR | |||
r-devel-windows-x86_64 | 0.1.0 | 7.00 | 58.00 | 65.00 | ERROR | |
r-patched-linux-x86_64 | 0.1.0 | 4.88 | 41.29 | 46.17 | ERROR | |
r-release-linux-x86_64 | 0.1.0 | 5.06 | 41.65 | 46.71 | ERROR | |
r-release-macos-arm64 | 0.1.0 | 27.00 | OK | |||
r-release-macos-x86_64 | 0.1.0 | 39.00 | OK | |||
r-release-windows-x86_64 | 0.1.0 | 8.00 | 57.00 | 65.00 | ERROR | |
r-oldrel-macos-arm64 | 0.1.0 | 23.00 | NOTE | |||
r-oldrel-macos-x86_64 | 0.1.0 | 32.00 | NOTE | |||
r-oldrel-windows-x86_64 | 0.1.0 | 10.00 | 67.00 | 77.00 | ERROR |
Version: 0.1.0
Check: CRAN incoming feasibility
Result: NOTE
Maintainer: ‘David Sjoberg <dav.sjob@gmail.com>’
No Authors@R field in DESCRIPTION.
Please add one, modifying
Authors@R: person(given = "David",
family = "Sjoberg",
role = c("aut", "cre"),
email = "dav.sjob@gmail.com")
as necessary.
Flavors: r-devel-linux-x86_64-debian-clang, r-devel-linux-x86_64-debian-gcc
Version: 0.1.0
Check: tests
Result: ERROR
Running ‘testthat.R’ [3s/3s]
Running the tests in ‘tests/testthat.R’ failed.
Complete output:
> library(testthat)
> library(ggbump)
>
> test_check("ggbump")
[ FAIL 3 | WARN 1 | SKIP 0 | PASS 1 ]
══ Failed tests ════════════════════════════════════════════════════════════════
── Failure ('test-numeric_inputs.R:17:3'): multiplication works ────────────────
... %>% class() not equal to c("gg", "ggplot").
Lengths differ: 5 is not 2
── Failure ('test-numeric_inputs.R:21:3'): multiplication works ────────────────
... %>% class() not equal to c("gg", "ggplot").
Lengths differ: 5 is not 2
── Failure ('test-numeric_inputs.R:26:3'): multiplication works ────────────────
... %>% class() not equal to c("gg", "ggplot").
Lengths differ: 5 is not 2
[ FAIL 3 | WARN 1 | SKIP 0 | PASS 1 ]
Error: Test failures
Execution halted
Flavor: r-devel-linux-x86_64-debian-clang
Version: 0.1.0
Check: tests
Result: ERROR
Running ‘testthat.R’ [2s/2s]
Running the tests in ‘tests/testthat.R’ failed.
Complete output:
> library(testthat)
> library(ggbump)
>
> test_check("ggbump")
[ FAIL 3 | WARN 1 | SKIP 0 | PASS 1 ]
══ Failed tests ════════════════════════════════════════════════════════════════
── Failure ('test-numeric_inputs.R:17:3'): multiplication works ────────────────
... %>% class() not equal to c("gg", "ggplot").
Lengths differ: 5 is not 2
── Failure ('test-numeric_inputs.R:21:3'): multiplication works ────────────────
... %>% class() not equal to c("gg", "ggplot").
Lengths differ: 5 is not 2
── Failure ('test-numeric_inputs.R:26:3'): multiplication works ────────────────
... %>% class() not equal to c("gg", "ggplot").
Lengths differ: 5 is not 2
[ FAIL 3 | WARN 1 | SKIP 0 | PASS 1 ]
Error: Test failures
Execution halted
Flavor: r-devel-linux-x86_64-debian-gcc
Version: 0.1.0
Check: tests
Result: ERROR
Running ‘testthat.R’
Running the tests in ‘tests/testthat.R’ failed.
Complete output:
> library(testthat)
> library(ggbump)
>
> test_check("ggbump")
[ FAIL 3 | WARN 1 | SKIP 0 | PASS 1 ]
══ Failed tests ════════════════════════════════════════════════════════════════
── Failure ('test-numeric_inputs.R:17:3'): multiplication works ────────────────
... %>% class() not equal to c("gg", "ggplot").
Lengths differ: 5 is not 2
── Failure ('test-numeric_inputs.R:21:3'): multiplication works ────────────────
... %>% class() not equal to c("gg", "ggplot").
Lengths differ: 5 is not 2
── Failure ('test-numeric_inputs.R:26:3'): multiplication works ────────────────
... %>% class() not equal to c("gg", "ggplot").
Lengths differ: 5 is not 2
[ FAIL 3 | WARN 1 | SKIP 0 | PASS 1 ]
Error: Test failures
Execution halted
Flavors: r-devel-linux-x86_64-fedora-clang, r-devel-linux-x86_64-fedora-gcc
Version: 0.1.0
Check: tests
Result: ERROR
Running 'testthat.R' [2s]
Running the tests in 'tests/testthat.R' failed.
Complete output:
> library(testthat)
> library(ggbump)
>
> test_check("ggbump")
[ FAIL 3 | WARN 1 | SKIP 0 | PASS 1 ]
══ Failed tests ════════════════════════════════════════════════════════════════
── Failure ('test-numeric_inputs.R:17:3'): multiplication works ────────────────
... %>% class() not equal to c("gg", "ggplot").
Lengths differ: 5 is not 2
── Failure ('test-numeric_inputs.R:21:3'): multiplication works ────────────────
... %>% class() not equal to c("gg", "ggplot").
Lengths differ: 5 is not 2
── Failure ('test-numeric_inputs.R:26:3'): multiplication works ────────────────
... %>% class() not equal to c("gg", "ggplot").
Lengths differ: 5 is not 2
[ FAIL 3 | WARN 1 | SKIP 0 | PASS 1 ]
Error: Test failures
Execution halted
Flavors: r-devel-windows-x86_64, r-release-windows-x86_64
Version: 0.1.0
Check: tests
Result: ERROR
Running ‘testthat.R’ [2s/3s]
Running the tests in ‘tests/testthat.R’ failed.
Complete output:
> library(testthat)
> library(ggbump)
>
> test_check("ggbump")
[ FAIL 3 | WARN 1 | SKIP 0 | PASS 1 ]
══ Failed tests ════════════════════════════════════════════════════════════════
── Failure ('test-numeric_inputs.R:17:3'): multiplication works ────────────────
... %>% class() not equal to c("gg", "ggplot").
Lengths differ: 5 is not 2
── Failure ('test-numeric_inputs.R:21:3'): multiplication works ────────────────
... %>% class() not equal to c("gg", "ggplot").
Lengths differ: 5 is not 2
── Failure ('test-numeric_inputs.R:26:3'): multiplication works ────────────────
... %>% class() not equal to c("gg", "ggplot").
Lengths differ: 5 is not 2
[ FAIL 3 | WARN 1 | SKIP 0 | PASS 1 ]
Error: Test failures
Execution halted
Flavors: r-patched-linux-x86_64, r-release-linux-x86_64
Version: 0.1.0
Check: LazyData
Result: NOTE
'LazyData' is specified without a 'data' directory
Flavors: r-oldrel-macos-arm64, r-oldrel-macos-x86_64, r-oldrel-windows-x86_64
Version: 0.1.0
Check: tests
Result: ERROR
Running 'testthat.R' [3s]
Running the tests in 'tests/testthat.R' failed.
Complete output:
> library(testthat)
> library(ggbump)
>
> test_check("ggbump")
[ FAIL 3 | WARN 1 | SKIP 0 | PASS 1 ]
══ Failed tests ════════════════════════════════════════════════════════════════
── Failure ('test-numeric_inputs.R:17:3'): multiplication works ────────────────
... %>% class() not equal to c("gg", "ggplot").
Lengths differ: 5 is not 2
── Failure ('test-numeric_inputs.R:21:3'): multiplication works ────────────────
... %>% class() not equal to c("gg", "ggplot").
Lengths differ: 5 is not 2
── Failure ('test-numeric_inputs.R:26:3'): multiplication works ────────────────
... %>% class() not equal to c("gg", "ggplot").
Lengths differ: 5 is not 2
[ FAIL 3 | WARN 1 | SKIP 0 | PASS 1 ]
Error: Test failures
Execution halted
Flavor: r-oldrel-windows-x86_64
These binaries (installable software) and packages are in development.
They may not be fully stable and should be used with caution. We make no claims about them.
Health stats visible at Monitor.