Last updated on 2025-07-19 13:50:13 CEST.
Flavor | Version | Tinstall | Tcheck | Ttotal | Status | Flags |
---|---|---|---|---|---|---|
r-devel-linux-x86_64-debian-clang | 1.3.0 | 16.57 | 776.58 | 793.15 | ERROR | |
r-devel-linux-x86_64-debian-gcc | 1.3.0 | 10.99 | 544.16 | 555.15 | ERROR | |
r-devel-linux-x86_64-fedora-clang | 1.3.0 | 1081.09 | OK | |||
r-devel-linux-x86_64-fedora-gcc | 1.3.0 | 1087.07 | OK | |||
r-devel-windows-x86_64 | 1.2.11 | 19.00 | 315.00 | 334.00 | NOTE | |
r-patched-linux-x86_64 | 1.2.11 | 17.80 | 201.32 | 219.12 | NOTE | |
r-release-linux-x86_64 | 1.2.11 | 15.11 | 198.66 | 213.77 | NOTE | |
r-release-macos-arm64 | 1.3.0 | 221.00 | OK | |||
r-release-macos-x86_64 | 1.3.0 | 363.00 | OK | |||
r-release-windows-x86_64 | 1.3.0 | 25.00 | 496.00 | 521.00 | OK | |
r-oldrel-macos-arm64 | 1.3.0 | 253.00 | NOTE | |||
r-oldrel-macos-x86_64 | 1.3.0 | 410.00 | NOTE | |||
r-oldrel-windows-x86_64 | 1.3.0 | 26.00 | 554.00 | 580.00 | NOTE |
Version: 1.3.0
Check: tests
Result: ERROR
Running ‘testthat.R’ [553s/564s]
Running the tests in ‘tests/testthat.R’ failed.
Complete output:
> library(testthat)
> library(ggPMX)
> library(data.table)
> setDTthreads(1)
> test_check("ggPMX")
convergence of SAEM parameter estimates file does not exist.
convergence of SAEM parameter estimates file does not exist.
convergence of SAEM parameter estimates file does not exist.
convergence of SAEM parameter estimates file does not exist.
convergence of SAEM parameter estimates file does not exist.
convergence of SAEM parameter estimates file does not exist.
convergence of SAEM parameter estimates file does not exist.
convergence of SAEM parameter estimates file does not exist.
convergence of SAEM parameter estimates file does not exist.
convergence of SAEM parameter estimates file does not exist.
convergence of SAEM parameter estimates file does not exist.
convergence of SAEM parameter estimates file does not exist.
[ FAIL 1 | WARN 3 | SKIP 16 | PASS 1031 ]
══ Skipped tests (16) ══════════════════════════════════════════════════════════
• On CRAN (13): 'test-nlmixr.R:3:5', 'test-nlmixr.R:43:5',
'test-nlmixr.R:117:5', 'test-nonmem_reader.R:115:13',
'test-pmx-report.R:62:5', 'test-pmx-report.R:72:5', 'test-pmx-report.R:91:5',
'test-pmx-report.R:110:5', 'test-pmx-report.R:150:5',
'test-pmx-report.R:167:5', 'test-pmx-report.R:202:7', 'test-utils.R:107:5',
'test-vdiff.R:6:5'
• empty test (1): 'test-nonmem_reader.R:98:3'
• file.exists(test_path("censoring1_project.zip")) is not TRUE (1):
'test-simBlq-npde.R:1:1'
• skipping ChartsData export warning test (1): 'test-utils.R:89:5'
══ Failed tests ════════════════════════════════════════════════════════════════
── Failure ('test-pmx-report.R:45:5'): pmx_draft: returns character, creates and removes file ──
file.exists(draft) is not TRUE
`actual`: FALSE
`expected`: TRUE
[ FAIL 1 | WARN 3 | SKIP 16 | PASS 1031 ]
Error: Test failures
Execution halted
Flavor: r-devel-linux-x86_64-debian-clang
Version: 1.3.0
Check: tests
Result: ERROR
Running ‘testthat.R’ [397s/420s]
Running the tests in ‘tests/testthat.R’ failed.
Complete output:
> library(testthat)
> library(ggPMX)
> library(data.table)
> setDTthreads(1)
> test_check("ggPMX")
convergence of SAEM parameter estimates file does not exist.
convergence of SAEM parameter estimates file does not exist.
convergence of SAEM parameter estimates file does not exist.
convergence of SAEM parameter estimates file does not exist.
convergence of SAEM parameter estimates file does not exist.
convergence of SAEM parameter estimates file does not exist.
convergence of SAEM parameter estimates file does not exist.
convergence of SAEM parameter estimates file does not exist.
convergence of SAEM parameter estimates file does not exist.
convergence of SAEM parameter estimates file does not exist.
convergence of SAEM parameter estimates file does not exist.
convergence of SAEM parameter estimates file does not exist.
[ FAIL 1 | WARN 3 | SKIP 16 | PASS 1031 ]
══ Skipped tests (16) ══════════════════════════════════════════════════════════
• On CRAN (13): 'test-nlmixr.R:3:5', 'test-nlmixr.R:43:5',
'test-nlmixr.R:117:5', 'test-nonmem_reader.R:115:13',
'test-pmx-report.R:62:5', 'test-pmx-report.R:72:5', 'test-pmx-report.R:91:5',
'test-pmx-report.R:110:5', 'test-pmx-report.R:150:5',
'test-pmx-report.R:167:5', 'test-pmx-report.R:202:7', 'test-utils.R:107:5',
'test-vdiff.R:6:5'
• empty test (1): 'test-nonmem_reader.R:98:3'
• file.exists(test_path("censoring1_project.zip")) is not TRUE (1):
'test-simBlq-npde.R:1:1'
• skipping ChartsData export warning test (1): 'test-utils.R:89:5'
══ Failed tests ════════════════════════════════════════════════════════════════
── Failure ('test-pmx-report.R:45:5'): pmx_draft: returns character, creates and removes file ──
file.exists(draft) is not TRUE
`actual`: FALSE
`expected`: TRUE
[ FAIL 1 | WARN 3 | SKIP 16 | PASS 1031 ]
Error: Test failures
Execution halted
Flavor: r-devel-linux-x86_64-debian-gcc
Version: 1.2.11
Check: Rd cross-references
Result: NOTE
Found the following Rd file(s) with Rd \link{} targets missing package
anchors:
n_pages.Rd: facet_wrap_paginate
Please provide package anchors for all Rd \link{} targets not in the
package itself and the base packages.
Flavors: r-devel-windows-x86_64, r-patched-linux-x86_64, r-release-linux-x86_64
Version: 1.3.0
Check: package dependencies
Result: NOTE
Package suggested but not available for checking: ‘lixoftConnectors’
Flavors: r-oldrel-macos-arm64, r-oldrel-macos-x86_64, r-oldrel-windows-x86_64
Version: 1.3.0
Check: installed package size
Result: NOTE
installed size is 6.8Mb
sub-directories of 1Mb or more:
help 2.4Mb
testdata 3.0Mb
Flavors: r-oldrel-macos-arm64, r-oldrel-macos-x86_64, r-oldrel-windows-x86_64
These binaries (installable software) and packages are in development.
They may not be fully stable and should be used with caution. We make no claims about them.
Health stats visible at Monitor.