Last updated on 2025-02-02 07:50:11 CET.
Flavor | Version | Tinstall | Tcheck | Ttotal | Status | Flags |
---|---|---|---|---|---|---|
r-devel-linux-x86_64-debian-clang | 0.10.1 | 5.26 | 51.15 | 56.41 | NOTE | |
r-devel-linux-x86_64-debian-gcc | 0.10.1 | 3.73 | 38.48 | 42.21 | NOTE | |
r-devel-linux-x86_64-fedora-clang | 0.10.1 | 93.82 | NOTE | |||
r-devel-linux-x86_64-fedora-gcc | 0.10.1 | 100.28 | NOTE | |||
r-devel-windows-x86_64 | 0.10.1 | 9.00 | 72.00 | 81.00 | OK | |
r-patched-linux-x86_64 | 0.10.1 | 5.35 | 48.73 | 54.08 | NOTE | |
r-release-linux-x86_64 | 0.10.1 | 4.50 | 48.82 | 53.32 | NOTE | |
r-release-macos-arm64 | 0.10.1 | 37.00 | OK | |||
r-release-macos-x86_64 | 0.10.1 | 67.00 | OK | |||
r-release-windows-x86_64 | 0.10.1 | 8.00 | 76.00 | 84.00 | OK | |
r-oldrel-macos-arm64 | 0.10.1 | 37.00 | OK | |||
r-oldrel-macos-x86_64 | 0.10.1 | 63.00 | OK | |||
r-oldrel-windows-x86_64 | 0.10.1 | 8.00 | 80.00 | 88.00 | OK |
Version: 0.10.1
Check: R code for possible problems
Result: NOTE
Found the following assignments to the global environment:
File ‘ggExtra/R/ggMarginalGadget.R’:
assign(plotname, eval(parse(text = origPlot)), envir = .GlobalEnv)
Flavors: r-devel-linux-x86_64-debian-clang, r-devel-linux-x86_64-debian-gcc, r-devel-linux-x86_64-fedora-clang, r-patched-linux-x86_64, r-release-linux-x86_64
Version: 0.10.1
Check: dependencies in R code
Result: NOTE
Namespaces in Imports field not imported from:
‘R6’ ‘scales’ ‘utils’
All declared Imports should be used.
Flavors: r-devel-linux-x86_64-fedora-clang, r-devel-linux-x86_64-fedora-gcc
These binaries (installable software) and packages are in development.
They may not be fully stable and should be used with caution. We make no claims about them.
Health stats visible at Monitor.