CRAN Package Check Results for Package gesso

Last updated on 2025-05-17 15:50:43 CEST.

Flavor Version Tinstall Tcheck Ttotal Status Flags
r-devel-linux-x86_64-debian-clang 1.0.2 122.40 138.29 260.69 NOTE
r-devel-linux-x86_64-debian-gcc 1.0.2 116.02 125.31 241.33 NOTE
r-devel-linux-x86_64-fedora-clang 1.0.2 468.61 NOTE
r-devel-linux-x86_64-fedora-gcc 1.0.2 642.56 NOTE
r-devel-windows-x86_64 1.0.2 132.00 158.00 290.00 NOTE
r-patched-linux-x86_64 1.0.2 154.35 166.47 320.82 NOTE
r-release-linux-x86_64 1.0.2 149.89 181.65 331.54 NOTE
r-release-macos-arm64 1.0.2 177.00 NOTE
r-release-macos-x86_64 1.0.2 177.00 NOTE
r-release-windows-x86_64 1.0.2 135.00 159.00 294.00 NOTE
r-oldrel-macos-arm64 1.0.2 119.00 NOTE
r-oldrel-macos-x86_64 1.0.2 148.00 NOTE
r-oldrel-windows-x86_64 1.0.2 151.00 196.00 347.00 NOTE

Check Details

Version: 1.0.2
Check: CRAN incoming feasibility
Result: NOTE Maintainer: ‘Natalia Zemlianskaia <natasha.zemlianskaia@gmail.com>’ No Authors@R field in DESCRIPTION. Please add one, modifying Authors@R: person(given = "Natalia", family = "Zemlianskaia", role = c("aut", "cre"), email = "natasha.zemlianskaia@gmail.com") as necessary. The Description field contains details see Zemlianskaia et al. (2021) <arxiv:2103.13510>. Please refer to arXiv e-prints via their arXiv DOI <doi:10.48550/arXiv.YYMM.NNNNN>. Flavors: r-devel-linux-x86_64-debian-clang, r-devel-linux-x86_64-debian-gcc

Version: 1.0.2
Check: C++ specification
Result: NOTE Specified C++11: please drop specification unless essential Flavors: r-devel-linux-x86_64-debian-clang, r-devel-linux-x86_64-debian-gcc, r-devel-linux-x86_64-fedora-clang, r-devel-linux-x86_64-fedora-gcc, r-devel-windows-x86_64, r-patched-linux-x86_64, r-release-linux-x86_64, r-release-macos-arm64, r-release-macos-x86_64, r-release-windows-x86_64, r-oldrel-macos-arm64, r-oldrel-macos-x86_64, r-oldrel-windows-x86_64

Version: 1.0.2
Check: Rd files
Result: NOTE checkRd: (-1) gesso.cv.Rd:46: Lost braces in \itemize; \value handles \item{}{} directly checkRd: (-1) gesso.cv.Rd:47: Lost braces in \itemize; \value handles \item{}{} directly checkRd: (-1) gesso.cv.Rd:48: Lost braces in \itemize; \value handles \item{}{} directly checkRd: (-1) gesso.cv.Rd:49: Lost braces in \itemize; \value handles \item{}{} directly checkRd: (-1) gesso.cv.Rd:50: Lost braces in \itemize; \value handles \item{}{} directly Flavors: r-devel-linux-x86_64-debian-clang, r-devel-linux-x86_64-debian-gcc, r-devel-linux-x86_64-fedora-clang, r-devel-linux-x86_64-fedora-gcc, r-devel-windows-x86_64, r-patched-linux-x86_64, r-release-linux-x86_64, r-release-macos-arm64, r-release-macos-x86_64, r-release-windows-x86_64, r-oldrel-macos-arm64, r-oldrel-macos-x86_64, r-oldrel-windows-x86_64

Version: 1.0.2
Check: installed package size
Result: NOTE installed size is 33.2Mb sub-directories of 1Mb or more: libs 32.9Mb Flavors: r-oldrel-macos-arm64, r-oldrel-macos-x86_64

These binaries (installable software) and packages are in development.
They may not be fully stable and should be used with caution. We make no claims about them.
Health stats visible at Monitor.