Last updated on 2025-05-03 22:49:54 CEST.
Flavor | Version | Tinstall | Tcheck | Ttotal | Status | Flags |
---|---|---|---|---|---|---|
r-devel-linux-x86_64-debian-clang | 0.1.9 | 8.73 | 71.58 | 80.31 | NOTE | |
r-devel-linux-x86_64-debian-gcc | 0.1.9 | 5.80 | 48.10 | 53.90 | NOTE | |
r-devel-linux-x86_64-fedora-clang | 0.1.9 | 124.62 | OK | |||
r-devel-linux-x86_64-fedora-gcc | 0.1.9 | 140.21 | OK | |||
r-devel-windows-x86_64 | 0.1.9 | 10.00 | 101.00 | 111.00 | OK | |
r-patched-linux-x86_64 | 0.1.9 | 7.00 | 66.04 | 73.04 | OK | |
r-release-linux-x86_64 | OK | |||||
r-release-macos-arm64 | 0.1.9 | 41.00 | OK | |||
r-release-macos-x86_64 | 0.1.9 | 91.00 | OK | |||
r-release-windows-x86_64 | 0.1.9 | 9.00 | 98.00 | 107.00 | OK | |
r-oldrel-macos-arm64 | 0.1.9 | 42.00 | OK | |||
r-oldrel-macos-x86_64 | 0.1.9 | 82.00 | OK | |||
r-oldrel-windows-x86_64 | 0.1.9 | 13.00 | 114.00 | 127.00 | OK |
Version: 0.1.9
Check: CRAN incoming feasibility
Result: NOTE
Maintainer: ‘Michael Robbins <mrobbins@rand.org>’
The Description field contains
Robbins (2021) <arXiv:2008.02243>.
Please refer to arXiv e-prints via their arXiv DOI <doi:10.48550/arXiv.YYMM.NNNNN>.
Flavors: r-devel-linux-x86_64-debian-clang, r-devel-linux-x86_64-debian-gcc
These binaries (installable software) and packages are in development.
They may not be fully stable and should be used with caution. We make no claims about them.
Health stats visible at Monitor.