Last updated on 2025-02-02 07:50:11 CET.
Flavor | Version | Tinstall | Tcheck | Ttotal | Status | Flags |
---|---|---|---|---|---|---|
r-devel-linux-x86_64-debian-clang | 1.5.8.2 | 35.32 | 258.37 | 293.69 | NOTE | |
r-devel-linux-x86_64-debian-gcc | 1.5.8.2 | 22.14 | 160.20 | 182.34 | NOTE | |
r-devel-linux-x86_64-fedora-clang | 1.5.8.2 | 496.42 | OK | |||
r-devel-linux-x86_64-fedora-gcc | 1.5.8.2 | 434.69 | OK | |||
r-devel-windows-x86_64 | 1.5.8.2 | 31.00 | 206.00 | 237.00 | NOTE | |
r-patched-linux-x86_64 | 1.5.8.2 | 38.28 | 239.77 | 278.05 | OK | |
r-release-linux-x86_64 | 1.5.8.2 | 32.81 | 239.02 | 271.83 | OK | |
r-release-macos-arm64 | 1.5.8.2 | 94.00 | OK | |||
r-release-macos-x86_64 | 1.5.8.2 | 163.00 | OK | |||
r-release-windows-x86_64 | 1.5.8.2 | 32.00 | 216.00 | 248.00 | OK | |
r-oldrel-macos-arm64 | 1.5.8.2 | 112.00 | OK | |||
r-oldrel-macos-x86_64 | 1.5.8.2 | 267.00 | OK | |||
r-oldrel-windows-x86_64 | 1.5.8.2 | 39.00 | 280.00 | 319.00 | OK |
Version: 1.5.8.2
Check: Rd cross-references
Result: NOTE
Found the following Rd file(s) with Rd \link{} targets missing package
anchors:
GeotopRasterBrick-class.Rd: Raster-class
KML-methods.Rd: projectRaster
bondone.Rd: zoo
brick-methods.Rd: RasterBrick-class, raster
brick.decimal.formatter.Rd: raster, RasterBrick-class
brickFromOutputSoil3DTensor.Rd: RasterLayer-class, RasterBrick-class,
Raster-class
geotopbrick.Rd: RasterBrick-class
get.geotop.inpts.keyword.value.Rd: Raster-class, raster, zoo
get.geotop.points.Rd: sf
get.geotop.recovery.state.Rd: raster
read.ascii.vectorized.brick.Rd: raster, RasterBrick-class
read.raster.from.url.Rd: raster
read.vectorized.geotop.recovery.Rd: raster
write.ascii.vectorized.brick.Rd: RasterBrick-class, writeRaster
write.vectorized.geotop.recovery.Rd: writeRaster
writeRasterxGEOtop.Rd: writeRaster, RasterBrick-class
Please provide package anchors for all Rd \link{} targets not in the
package itself and the base packages.
Flavors: r-devel-linux-x86_64-debian-clang, r-devel-linux-x86_64-debian-gcc, r-devel-windows-x86_64
These binaries (installable software) and packages are in development.
They may not be fully stable and should be used with caution. We make no claims about them.
Health stats visible at Monitor.