CRAN Package Check Results for Package geotargets

Last updated on 2025-05-15 09:52:16 CEST.

Flavor Version Tinstall Tcheck Ttotal Status Flags
r-devel-linux-x86_64-debian-clang 0.3.0 3.25 385.38 388.63 OK
r-devel-linux-x86_64-debian-gcc 0.3.0 2.02 246.05 248.07 OK
r-devel-linux-x86_64-fedora-clang 0.3.0 669.17 ERROR
r-devel-linux-x86_64-fedora-gcc 0.3.0 660.18 OK
r-devel-windows-x86_64 0.3.0 5.00 337.00 342.00 OK
r-patched-linux-x86_64 0.3.0 4.14 373.95 378.09 OK
r-release-linux-x86_64 0.3.0 2.56 374.83 377.39 OK
r-release-macos-arm64 0.3.0 141.00 OK
r-release-macos-x86_64 0.3.0 294.00 OK
r-release-windows-x86_64 0.3.0 5.00 334.00 339.00 OK
r-oldrel-macos-arm64 0.3.0 154.00 OK
r-oldrel-macos-x86_64 0.3.0 339.00 OK

Check Details

Version: 0.3.0
Check: tests
Result: ERROR Running ‘spelling.R’ Running ‘testthat.R’ [6m/14m] Running the tests in ‘tests/testthat.R’ failed. Complete output: > # This file is part of the standard setup for testthat. > # It is recommended that you do not modify it. > # > # Where should you do additional test configuration? > # Learn more about the roles of various files in: > # * https://r-pkgs.org/testing-design.html#sec-tests-files-overview > # * https://testthat.r-lib.org/articles/special-files.html > > library(testthat) > library(geotargets) > > test_check("geotargets") → de-duplicating _targets/meta/meta → reading _targets/meta/meta → parsing _targets/meta/meta → noting builders and branches → parsing _targets/meta/meta → restricting metadata records → querying 0 local files in _targets/objects → parsing _targets/meta/process + opt dispatched ✔ opt completed [20ms, 60 B] → de-duplicating _targets/meta/meta ✔ ended pipeline [1.4s, 1 completed, 0 skipped] → de-duplicating _targets/meta/meta → reading _targets/meta/meta → parsing _targets/meta/meta → noting builders and branches → parsing _targets/meta/meta → restricting metadata records → querying 0 local files in _targets/objects → parsing _targets/meta/process + test_stars dispatched ✔ test_stars completed [91ms, 49.90 kB] → de-duplicating _targets/meta/meta ✔ ended pipeline [865ms, 1 completed, 0 skipped] → de-duplicating _targets/meta/meta → reading _targets/meta/meta → parsing _targets/meta/meta → noting builders and branches → parsing _targets/meta/meta → restricting metadata records → querying 0 local files in _targets/objects → parsing _targets/meta/process + test_stars_proxy dispatched ✔ test_stars_proxy completed [39ms, 49.90 kB] → de-duplicating _targets/meta/meta ✔ ended pipeline [612ms, 1 completed, 0 skipped] → de-duplicating _targets/meta/meta → reading _targets/meta/meta → parsing _targets/meta/meta → noting builders and branches → parsing _targets/meta/meta → restricting metadata records → querying 0 local files in _targets/objects → parsing _targets/meta/process + test_stars_mdim dispatched ✔ test_stars_mdim completed [14ms, 8.28 kB] → de-duplicating _targets/meta/meta ✔ ended pipeline [709ms, 1 completed, 0 skipped] Warning messages: 1: GDAL Error 6: SetIndexingVariable() not implemented 2: GDAL Error 6: SetIndexingVariable() not implemented 3: 1 targets produced warnings. Run targets::tar_meta(fields = warnings, complete_only = TRUE) for the messages. → de-duplicating _targets/meta/meta → reading _targets/meta/meta → parsing _targets/meta/meta → noting builders and branches → parsing _targets/meta/meta → restricting metadata records → querying 0 local files in _targets/objects → parsing _targets/meta/process + test_stars_mdim_ncdf dispatched ✔ test_stars_mdim_ncdf completed [14ms, 8.28 kB] → de-duplicating _targets/meta/meta ✔ ended pipeline [560ms, 1 completed, 0 skipped] Warning messages: 1: GDAL Error 6: SetIndexingVariable() not implemented 2: GDAL Error 6: SetIndexingVariable() not implemented 3: 1 targets produced warnings. Run targets::tar_meta(fields = warnings, complete_only = TRUE) for the messages. → de-duplicating _targets/meta/meta → reading _targets/meta/meta → parsing _targets/meta/meta → noting builders and branches → parsing _targets/meta/meta → restricting metadata records → querying 0 local files in _targets/objects → parsing _targets/meta/process + test_stars dispatched ✔ test_stars completed [87ms, 49.90 kB] + to_add dispatched → creating to_add junction → creating bud references ■■■■■■■■■■■■■■■■■■■■■ 67% | ETA: 0s → creating bud references ■■■■■■■■■■■■■■■■■■■■■■■■■■■■■■■ 100% | ETA: 0s ✔ to_add completed [0ms, 59 B] → creating test_stars_plus junction → creating test_stars_plus branch names ■■■■■■■■■■■■■■■■■■■■■ 67% |… → creating test_stars_plus branch names ■■■■■■■■■■■■■■■■■■■■■■■■■■■■■■■ 100% |… → creating test_stars_plus junction → creating branch references ■■■■■■■■■■■■■■■■■■■■■ 67% | ETA: 0s → creating branch references ■■■■■■■■■■■■■■■■■■■■■■■■■■■■■■■ 100% | ETA: 0s → queueing test_stars_plus branches + test_stars_plus declared [2 branches] → 5 targets ■■■■■■■■■■■■■ [1.2s, 2+, 0-] ✔ test_stars_plus completed [6ms, 99.80 kB] → 5 targets ■■■■■■■■■■■■■ [1.2s, 2+, 0-] → de-duplicating _targets/meta/meta → 5 targets ■■■■■■■■■■■■■ [1.2s, 2+, 0-] → 4 targets ■■■■■■■■■■■■■■■■■■■■■■■■■■■■■■■ [1.5s, 4+, 0-] ✔ ended pipeline [1.7s, 4 completed, 0 skipped] Attaching package: 'targets' The following object is masked from 'package:testthat': matches → de-duplicating _targets/meta/meta → reading _targets/meta/meta → parsing _targets/meta/meta → noting builders and branches → parsing _targets/meta/meta → restricting metadata records → querying 0 local files in _targets/objects → parsing _targets/meta/process + test_terra_rast dispatched ✔ test_terra_rast completed [16ms, 10.43 kB] → de-duplicating _targets/meta/meta ✔ ended pipeline [812ms, 1 completed, 0 skipped] → de-duplicating _targets/meta/meta → reading _targets/meta/meta → parsing _targets/meta/meta → noting builders and branches → parsing _targets/meta/meta → restricting metadata records → querying 0 local files in _targets/objects → parsing _targets/meta/process + rast1 dispatched + rast2 dispatched → 2 targets ■■■■■■■■■■■■■■■■ [28.4s, 1+, 0-] ✔ rast1 completed [22.1s, 7.99 kB] → 2 targets ■■■■■■■■■■■■■■■■ [28.4s, 1+, 0-] → 2 targets ■■■■■■■■■■■■■■■■■■■■■■■■■■■■■■■ [33.9s, 2+, 0-] ✔ rast2 completed [24.8s, 7.99 kB] → 2 targets ■■■■■■■■■■■■■■■■■■■■■■■■■■■■■■■ [33.9s, 2+, 0-] → de-duplicating _targets/meta/meta → 2 targets ■■■■■■■■■■■■■■■■■■■■■■■■■■■■■■■ [33.9s, 2+, 0-] ✔ ended pipeline [36.5s, 2 completed, 0 skipped] → de-duplicating _targets/meta/meta → reading _targets/meta/meta → parsing _targets/meta/meta → noting builders and branches → parsing _targets/meta/meta → restricting metadata records → querying 0 local files in _targets/objects → parsing _targets/meta/process + my_map dispatched ✔ my_map completed [30ms, 7.99 kB] + to_add dispatched → creating to_add junction → creating bud references ■■■■■■■■■■■■■■■■■■■■■ 67% | ETA: 0s → creating bud references ■■■■■■■■■■■■■■■■■■■■■■■■■■■■■■■ 100% | ETA: 0s ✔ to_add completed [0ms, 59 B] → creating my_map_plus junction → creating my_map_plus branch names ■■■■■■■■■■■■■■■■■■■■■ 67% | ETA… → creating my_map_plus branch names ■■■■■■■■■■■■■■■■■■■■■■■■■■■■■■■ 100% | ETA… → creating my_map_plus junction → creating branch references ■■■■■■■■■■■■■■■■■■■■■ 67% | ETA: 0s → creating branch references ■■■■■■■■■■■■■■■■■■■■■■■■■■■■■■■ 100% | ETA: 0s → queueing my_map_plus branches + my_map_plus declared [2 branches] → 5 targets ■■■■■■■■■■■■■ [1.7s, 2+, 0-] → 5 targets ■■■■■■■■■■■■■■■■■■■ [2.3s, 3+, 0-] ✔ my_map_plus completed [101ms, 19.80 kB] → 5 targets ■■■■■■■■■■■■■■■■■■■ [2.3s, 3+, 0-] → de-duplicating _targets/meta/meta → 5 targets ■■■■■■■■■■■■■■■■■■■ [2.3s, 3+, 0-] → 4 targets ■■■■■■■■■■■■■■■■■■■■■■■■■■■■■■■ [2.8s, 4+, 0-] ✔ ended pipeline [3.2s, 4 completed, 0 skipped] terra 1.8.50 → de-duplicating _targets/meta/meta → reading _targets/meta/meta → parsing _targets/meta/meta → noting builders and branches → parsing _targets/meta/meta → restricting metadata records → querying 0 local files in _targets/objects → parsing _targets/meta/process + r dispatched ✔ r completed [45ms, 10.43 kB] → de-duplicating _targets/meta/meta ✔ ended pipeline [1.4s, 1 completed, 0 skipped] terra 1.8.50 → reading _targets/meta/meta → parsing _targets/meta/meta → noting builders and branches → parsing _targets/meta/meta → restricting metadata records → querying 1 local files in _targets/objects terra 1.8.50 → de-duplicating _targets/meta/meta → reading _targets/meta/meta → parsing _targets/meta/meta → noting builders and branches → parsing _targets/meta/meta → restricting metadata records → querying 0 local files in _targets/objects → parsing _targets/meta/process + r2 dispatched ✔ r2 completed [140ms, 32.17 kB] + r dispatched ✔ r completed [678ms, 30.39 kB] → de-duplicating _targets/meta/meta ✔ ended pipeline [2.7s, 2 completed, 0 skipped] terra 1.8.50 → de-duplicating _targets/meta/meta → reading _targets/meta/meta → parsing _targets/meta/meta → noting builders and branches → parsing _targets/meta/meta → restricting metadata records → querying 0 local files in _targets/objects → parsing _targets/meta/process + r2 dispatched → 2 targets ■■■■■■■■■■■■■■■■ [1.1s, 1+, 0-] ✔ r2 completed [236ms, 36.56 kB] → 2 targets ■■■■■■■■■■■■■■■■ [1.1s, 1+, 0-] + r dispatched → 2 targets ■■■■■■■■■■■■■■■■ [1.1s, 1+, 0-] ✔ r completed [458ms, 35.05 kB] → 2 targets ■■■■■■■■■■■■■■■■ [1.1s, 1+, 0-] → de-duplicating _targets/meta/meta → 2 targets ■■■■■■■■■■■■■■■■ [1.1s, 1+, 0-] → 2 targets ■■■■■■■■■■■■■■■■■■■■■■■■■■■■■■■ [3s, 2+, 0-] ✔ ended pipeline [3.8s, 2 completed, 0 skipped] terra 1.8.50 → de-duplicating _targets/meta/meta → reading _targets/meta/meta → parsing _targets/meta/meta → noting builders and branches → parsing _targets/meta/meta → restricting metadata records → querying 0 local files in _targets/objects → parsing _targets/meta/process + r dispatched ✖ r errored → de-duplicating _targets/meta/meta ✖ errored pipeline [1.2s, 0 completed, 0 skipped] → de-duplicating _targets/meta/meta → reading _targets/meta/meta → parsing _targets/meta/meta → noting builders and branches → parsing _targets/meta/meta → restricting metadata records → querying 0 local files in _targets/objects → parsing _targets/meta/process + raster_elevs dispatched ✔ raster_elevs completed [1.3s, 36.61 kB] → de-duplicating _targets/meta/meta ✔ ended pipeline [2.5s, 1 completed, 0 skipped] → de-duplicating _targets/meta/meta → reading _targets/meta/meta → parsing _targets/meta/meta → noting builders and branches → parsing _targets/meta/meta → restricting metadata records → querying 0 local files in _targets/objects → parsing _targets/meta/process + raster_elevs dispatched ✔ raster_elevs completed [332ms, 19.79 kB] → de-duplicating _targets/meta/meta ✔ ended pipeline [1.1s, 1 completed, 0 skipped] terra 1.8.50 terra 1.8.50 → de-duplicating _targets/meta/meta → reading _targets/meta/meta → parsing _targets/meta/meta → noting builders and branches → parsing _targets/meta/meta → restricting metadata records → querying 0 local files in _targets/objects → parsing _targets/meta/process + my_file dispatched ✔ my_file completed [7ms, 22.46 kB] + my_map dispatched ✔ my_map completed [21ms, 20.05 kB] + rast_split_exts dispatched → creating rast_split_exts junction → creating bud references ■■■■■■■■■■■■■■■■ 50% | ETA: 0s → creating bud references ■■■■■■■■■■■■■■■■■■■■■■■ 75% | ETA: 0s → creating bud references ■■■■■■■■■■■■■■■■■■■■■■■■■■■■■■■ 100% | ETA: 0s ✔ rast_split_exts completed [53ms, 133 B] + rast_split_grid_exts dispatched → creating rast_split_grid_exts junction → creating bud references ■■■■■■■■■■■■■ 40% | ETA: 0s → creating bud references ■■■■■■■■■■■■■■■■■■■ 60% | ETA: 0s → creating bud references ■■■■■■■■■■■■■■■■■■■■■■■■■ 80% | ETA: 0s → creating bud references ■■■■■■■■■■■■■■■■■■■■■■■■■■■■■■■ 100% | ETA: 0s ✔ rast_split_grid_exts completed [70ms, 141 B] + rast_split_n_exts dispatched creating 2 * 3 = 6 tile extents → creating rast_split_n_exts junction → creating bud references ■■■■■■■■■■ 29% | ETA: 0s → creating bud references ■■■■■■■■■■■■■■ 43% | ETA: 0s → creating bud references ■■■■■■■■■■■■■■■■■■ 57% | ETA: 0s → creating bud references ■■■■■■■■■■■■■■■■■■■■■■ 71% | ETA: 0s → creating bud references ■■■■■■■■■■■■■■■■■■■■■■■■■■■ 86% | ETA: 0s → creating bud references ■■■■■■■■■■■■■■■■■■■■■■■■■■■■■■■ 100% | ETA: 0s ✔ rast_split_n_exts completed [325ms, 156 B] → creating rast_split junction → creating rast_split branch names ■■■■■■■■■■■■■■■■ 50% | ETA:… → creating rast_split branch names ■■■■■■■■■■■■■■■■■■■■■■■ 75% | ETA:… → creating rast_split branch names ■■■■■■■■■■■■■■■■■■■■■■■■■■■■■■■ 100% | ETA:… → creating rast_split junction → creating branch references ■■■■■■■■■■■■■■■■ 50% | ETA: 0s → creating branch references ■■■■■■■■■■■■■■■■■■■■■■■ 75% | ETA: 0s → creating branch references ■■■■■■■■■■■■■■■■■■■■■■■■■■■■■■■ 100% | ETA: 0s → queueing rast_split branches + rast_split declared [3 branches] → 11 targets ■■■■■■■■■■■■■■■ [2.7s, 5+, 0-] → 11 targets ■■■■■■■■■■■■■■■■■■■■ [3.4s, 7+, 0-] ✔ rast_split completed [444ms, 20.74 kB] → 11 targets ■■■■■■■■■■■■■■■■■■■■ [3.4s, 7+, 0-] → creating rast_split_grid junction → creating rast_split_grid branch names ■■■■■■■■■■■■■ 40% |… → creating rast_split_grid branch names ■■■■■■■■■■■■■■■■■■■ 60% |… → creating rast_split_grid branch names ■■■■■■■■■■■■■■■■■■■■■■■■■ 80% |… → creating rast_split_grid branch names ■■■■■■■■■■■■■■■■■■■■■■■■■■■■■■■ 100% |… → creating rast_split_grid junction → 11 targets ■■■■■■■■■■■■■■■■■■■■ [3.4s, 7+, 0-] → creating branch references ■■■■■■■■■■■■■ 40% | ETA: 0s → creating branch references ■■■■■■■■■■■■■■■■■■■ 60% | ETA: 0s → creating branch references ■■■■■■■■■■■■■■■■■■■■■■■■■ 80% | ETA: 0s → creating branch references ■■■■■■■■■■■■■■■■■■■■■■■■■■■■■■■ 100% | ETA: 0s → 11 targets ■■■■■■■■■■■■■■■■■■■■ [3.4s, 7+, 0-] → queueing rast_split_grid branches → 11 targets ■■■■■■■■■■■■■■■■■■■■ [3.4s, 7+, 0-] + rast_split_grid declared [4 branches] → 11 targets ■■■■■■■■■■■■■■■■■■■■ [3.4s, 7+, 0-] → 14 targets ■■■■■■■■■■■■■■■■■■ [4.4s, 8+, 0-] ✔ rast_split_grid completed [252ms, 21.08 kB] → 14 targets ■■■■■■■■■■■■■■■■■■ [4.4s, 8+, 0-] → creating rast_split_n junction → creating rast_split_n branch names ■■■■■■■■■■ 29% | ET… → creating rast_split_n branch names ■■■■■■■■■■■■■■ 43% | ET… → creating rast_split_n branch names ■■■■■■■■■■■■■■■■■■ 57% | ET… → creating rast_split_n branch names ■■■■■■■■■■■■■■■■■■■■■■ 71% | ET… → creating rast_split_n branch names ■■■■■■■■■■■■■■■■■■■■■■■■■■■ 86% | ET… → creating rast_split_n branch names ■■■■■■■■■■■■■■■■■■■■■■■■■■■■■■■ 100% | ET… → creating rast_split_n junction → 14 targets ■■■■■■■■■■■■■■■■■■ [4.4s, 8+, 0-] → creating branch references ■■■■■■■■■■ 29% | ETA: 0s → creating branch references ■■■■■■■■■■■■■■ 43% | ETA: 0s → creating branch references ■■■■■■■■■■■■■■■■■■ 57% | ETA: 0s → creating branch references ■■■■■■■■■■■■■■■■■■■■■■ 71% | ETA: 0s → creating branch references ■■■■■■■■■■■■■■■■■■■■■■■■■■■ 86% | ETA: 0s → creating branch references ■■■■■■■■■■■■■■■■■■■■■■■■■■■■■■■ 100% | ETA: 0s → 14 targets ■■■■■■■■■■■■■■■■■■ [4.4s, 8+, 0-] → queueing rast_split_n branches → 14 targets ■■■■■■■■■■■■■■■■■■ [4.4s, 8+, 0-] + rast_split_n declared [6 branches] → 14 targets ■■■■■■■■■■■■■■■■■■ [4.4s, 8+, 0-] → 19 targets ■■■■■■■■■■■■■■■■■■■■ [6.1s, 12+, 0-] ✔ rast_split_n completed [291ms, 21.72 kB] → 19 targets ■■■■■■■■■■■■■■■■■■■■ [6.1s, 12+, 0-] → de-duplicating _targets/meta/meta → 19 targets ■■■■■■■■■■■■■■■■■■■■ [6.1s, 12+, 0-] → 18 targets ■■■■■■■■■■■■■■■■■■■■■■■■■■■■■■■ [7.3s, 18+, 0-] ✔ ended pipeline [7.7s, 18 completed, 0 skipped] terra 1.8.50 → de-duplicating _targets/meta/meta → reading _targets/meta/meta → parsing _targets/meta/meta → noting builders and branches → parsing _targets/meta/meta → restricting metadata records → querying 0 local files in _targets/objects → parsing _targets/meta/process + my_file dispatched ✔ my_file completed [2ms, 7.99 kB] + my_map dispatched → 8 targets ■■■■■■■■■ [1.2s, 2+, 0-] ✔ my_map completed [38ms, 12.35 kB] → 8 targets ■■■■■■■■■ [1.2s, 2+, 0-] + rast_split_grid_exts dispatched → 8 targets ■■■■■■■■■ [1.2s, 2+, 0-] → creating rast_split_grid_exts junction → 8 targets ■■■■■■■■■ [1.2s, 2+, 0-] → creating bud references ■■■■■■■■■■■■■ 40% | ETA: 0s → creating bud references ■■■■■■■■■■■■■■■■■■■ 60% | ETA: 0s → creating bud references ■■■■■■■■■■■■■■■■■■■■■■■■■ 80% | ETA: 0s → creating bud references ■■■■■■■■■■■■■■■■■■■■■■■■■■■■■■■ 100% | ETA: 0s → 8 targets ■■■■■■■■■ [1.2s, 2+, 0-] ✔ rast_split_grid_exts completed [23ms, 155 B] → 8 targets ■■■■■■■■■ [1.2s, 2+, 0-] + rast_split_n_exts dispatched → 8 targets ■■■■■■■■■ [1.2s, 2+, 0-] creating 2 * 3 = 6 tile extents → creating rast_split_n_exts junction → 8 targets ■■■■■■■■■ [1.2s, 2+, 0-] → creating bud references ■■■■■■■■■■ 29% | ETA: 0s → creating bud references ■■■■■■■■■■■■■■ 43% | ETA: 0s → creating bud references ■■■■■■■■■■■■■■■■■■ 57% | ETA: 0s → creating bud references ■■■■■■■■■■■■■■■■■■■■■■ 71% | ETA: 0s → creating bud references ■■■■■■■■■■■■■■■■■■■■■■■■■■■ 86% | ETA: 0s → creating bud references ■■■■■■■■■■■■■■■■■■■■■■■■■■■■■■■ 100% | ETA: 0s → 8 targets ■■■■■■■■■ [1.2s, 2+, 0-] ✔ rast_split_n_exts completed [215ms, 167 B] → 8 targets ■■■■■■■■■ [1.2s, 2+, 0-] + rast_split_blocksize_exts dispatched → 8 targets ■■■■■■■■■ [1.2s, 2+, 0-] → creating rast_split_blocksize_exts junction → 8 targets ■■■■■■■■■ [1.2s, 2+, 0-] → creating bud references ■■■■■■■■■■■ 33% | ETA: 0s → creating bud references ■■■■■■■■■■■■■■■■ 50% | ETA: 0s → creating bud references ■■■■■■■■■■■■■■■■■■■■■ 67% | ETA: 0s → creating bud references ■■■■■■■■■■■■■■■■■■■■■■■■■■ 83% | ETA: 0s → creating bud references ■■■■■■■■■■■■■■■■■■■■■■■■■■■■■■■ 100% | ETA: 0s → 8 targets ■■■■■■■■■ [1.2s, 2+, 0-] ✔ rast_split_blocksize_exts completed [50ms, 168 B] → 8 targets ■■■■■■■■■ [1.2s, 2+, 0-] → creating rast_split_grid junction → creating rast_split_grid branch names ■■■■■■■■■■■■■ 40% |… → creating rast_split_grid branch names ■■■■■■■■■■■■■■■■■■■ 60% |… → creating rast_split_grid branch names ■■■■■■■■■■■■■■■■■■■■■■■■■ 80% |… → creating rast_split_grid branch names ■■■■■■■■■■■■■■■■■■■■■■■■■■■■■■■ 100% |… → creating rast_split_grid junction → 8 targets ■■■■■■■■■ [1.2s, 2+, 0-] → creating branch references ■■■■■■■■■■■■■ 40% | ETA: 0s → creating branch references ■■■■■■■■■■■■■■■■■■■ 60% | ETA: 0s → creating branch references ■■■■■■■■■■■■■■■■■■■■■■■■■ 80% | ETA: 0s → creating branch references ■■■■■■■■■■■■■■■■■■■■■■■■■■■■■■■ 100% | ETA: 0s → 8 targets ■■■■■■■■■ [1.2s, 2+, 0-] → queueing rast_split_grid branches → 8 targets ■■■■■■■■■ [1.2s, 2+, 0-] + rast_split_grid declared [4 branches] → 8 targets ■■■■■■■■■ [1.2s, 2+, 0-] → 12 targets ■■■■■■■■■■■■■ [2.9s, 5+, 0-] → 12 targets ■■■■■■■■■■■■■■■■■■■■■■■ [3.9s, 9+, 0-] ✔ rast_split_grid completed [488ms, 15.47 kB] → 12 targets ■■■■■■■■■■■■■■■■■■■■■■■ [3.9s, 9+, 0-] → creating rast_split_n junction → creating rast_split_n branch names ■■■■■■■■■■ 29% | ET… → creating rast_split_n branch names ■■■■■■■■■■■■■■ 43% | ET… → creating rast_split_n branch names ■■■■■■■■■■■■■■■■■■ 57% | ET… → creating rast_split_n branch names ■■■■■■■■■■■■■■■■■■■■■■ 71% | ET… → creating rast_split_n branch names ■■■■■■■■■■■■■■■■■■■■■■■■■■■ 86% | ET… → creating rast_split_n branch names ■■■■■■■■■■■■■■■■■■■■■■■■■■■■■■■ 100% | ET… → creating rast_split_n junction → 12 targets ■■■■■■■■■■■■■■■■■■■■■■■ [3.9s, 9+, 0-] → creating branch references ■■■■■■■■■■ 29% | ETA: 0s → creating branch references ■■■■■■■■■■■■■■ 43% | ETA: 0s → creating branch references ■■■■■■■■■■■■■■■■■■ 57% | ETA: 0s → creating branch references ■■■■■■■■■■■■■■■■■■■■■■ 71% | ETA: 0s → creating branch references ■■■■■■■■■■■■■■■■■■■■■■■■■■■ 86% | ETA: 0s → creating branch references ■■■■■■■■■■■■■■■■■■■■■■■■■■■■■■■ 100% | ETA: 0s → 12 targets ■■■■■■■■■■■■■■■■■■■■■■■ [3.9s, 9+, 0-] → queueing rast_split_n branches → 12 targets ■■■■■■■■■■■■■■■■■■■■■■■ [3.9s, 9+, 0-] + rast_split_n declared [6 branches] → 12 targets ■■■■■■■■■■■■■■■■■■■■■■■ [3.9s, 9+, 0-] → 17 targets ■■■■■■■■■■■■■■■■■ [4.6s, 9+, 0-] ✔ rast_split_n completed [286ms, 17.95 kB] → 17 targets ■■■■■■■■■■■■■■■■■ [4.6s, 9+, 0-] → creating rast_split_blocksize junction → creating rast_split_blocksize branch names ■■■■■■■■■■■ … → creating rast_split_blocksize branch names ■■■■■■■■■■■■■■■■ … → creating rast_split_blocksize branch names ■■■■■■■■■■■■■■■■■■■■■ … → creating rast_split_blocksize branch names ■■■■■■■■■■■■■■■■■■■■■■■■■■ … → creating rast_split_blocksize branch names ■■■■■■■■■■■■■■■■■■■■■■■■■■■■■■■ 1… → creating rast_split_blocksize junction → 17 targets ■■■■■■■■■■■■■■■■■ [4.6s, 9+, 0-] → creating branch references ■■■■■■■■■■■ 33% | ETA: 0s → creating branch references ■■■■■■■■■■■■■■■■ 50% | ETA: 0s → creating branch references ■■■■■■■■■■■■■■■■■■■■■ 67% | ETA: 0s → creating branch references ■■■■■■■■■■■■■■■■■■■■■■■■■■ 83% | ETA: 0s → creating branch references ■■■■■■■■■■■■■■■■■■■■■■■■■■■■■■■ 100% | ETA: 0s → 17 targets ■■■■■■■■■■■■■■■■■ [4.6s, 9+, 0-] → queueing rast_split_blocksize branches → 17 targets ■■■■■■■■■■■■■■■■■ [4.6s, 9+, 0-] + rast_split_blocksize declared [5 branches] → 17 targets ■■■■■■■■■■■■■■■■■ [4.6s, 9+, 0-] → 21 targets ■■■■■■■■■■■■■■■■■■■■■■ [6.5s, 15+, 0-] → 21 targets ■■■■■■■■■■■■■■■■■■■■■■■■■■■ [6.9s, 18+, 0-] ✔ rast_split_blocksize completed [228ms, 16.50 kB] → 21 targets ■■■■■■■■■■■■■■■■■■■■■■■■■■■ [6.9s, 18+, 0-] → de-duplicating _targets/meta/meta → 21 targets ■■■■■■■■■■■■■■■■■■■■■■■■■■■ [6.9s, 18+, 0-] → 20 targets ■■■■■■■■■■■■■■■■■■■■■■■■■■■■■■■ [7.5s, 20+, 0-] ✔ ended pipeline [7.9s, 20 completed, 0 skipped] → de-duplicating _targets/meta/meta → reading _targets/meta/meta → parsing _targets/meta/meta → noting builders and branches → parsing _targets/meta/meta → restricting metadata records → querying 0 local files in _targets/objects → parsing _targets/meta/process + test_terra_vect dispatched ✔ test_terra_vect completed [442ms, 172.03 kB] + test_terra_vect_shz dispatched ✔ test_terra_vect_shz completed [399ms, 35.24 kB] → de-duplicating _targets/meta/meta ✔ ended pipeline [2.7s, 2 completed, 0 skipped] → de-duplicating _targets/meta/meta → reading _targets/meta/meta → parsing _targets/meta/meta → noting builders and branches → parsing _targets/meta/meta → restricting metadata records → querying 0 local files in _targets/objects → parsing _targets/meta/process + my_vect dispatched ✔ my_vect completed [98ms, 172.03 kB] + to_sub dispatched → creating to_sub junction → creating bud references ■■■■■■■■■■■■■■■■■■■■■ 67% | ETA: 0s → creating bud references ■■■■■■■■■■■■■■■■■■■■■■■■■■■■■■■ 100% | ETA: 0s ✔ to_sub completed [0ms, 76 B] → creating my_vect_subs junction → creating my_vect_subs branch names ■■■■■■■■■■■■■■■■■■■■■ 67% | ET… → creating my_vect_subs branch names ■■■■■■■■■■■■■■■■■■■■■■■■■■■■■■■ 100% | ET… → creating my_vect_subs junction → creating branch references ■■■■■■■■■■■■■■■■■■■■■ 67% | ETA: 0s → creating branch references ■■■■■■■■■■■■■■■■■■■■■■■■■■■■■■■ 100% | ETA: 0s → queueing my_vect_subs branches + my_vect_subs declared [2 branches] → 5 targets ■■■■■■■■■■■■■ [1.8s, 2+, 0-] ✔ my_vect_subs completed [101ms, 204.80 kB] → 5 targets ■■■■■■■■■■■■■ [1.8s, 2+, 0-] → de-duplicating _targets/meta/meta → 5 targets ■■■■■■■■■■■■■ [1.8s, 2+, 0-] → 4 targets ■■■■■■■■■■■■■■■■■■■■■■■■■■■■■■■ [3s, 4+, 0-] ✔ ended pipeline [3.6s, 4 completed, 0 skipped] → de-duplicating _targets/meta/meta → reading _targets/meta/meta → parsing _targets/meta/meta → noting builders and branches → parsing _targets/meta/meta → restricting metadata records → querying 0 local files in _targets/objects → parsing _targets/meta/process + vect1 dispatched + vect2 dispatched → 2 targets ■■■■■■■■■■■■■■■■ [31.8s, 1+, 0-] ✔ vect1 completed [23.9s, 172.03 kB] → 2 targets ■■■■■■■■■■■■■■■■ [31.8s, 1+, 0-] → 2 targets ■■■■■■■■■■■■■■■■■■■■■■■■■■■■■■■ [35s, 2+, 0-] ✔ vect2 completed [26s, 172.03 kB] → 2 targets ■■■■■■■■■■■■■■■■■■■■■■■■■■■■■■■ [35s, 2+, 0-] → de-duplicating _targets/meta/meta → 2 targets ■■■■■■■■■■■■■■■■■■■■■■■■■■■■■■■ [35s, 2+, 0-] ✔ ended pipeline [37.5s, 2 completed, 0 skipped] → de-duplicating _targets/meta/meta → reading _targets/meta/meta → parsing _targets/meta/meta → noting builders and branches → parsing _targets/meta/meta → restricting metadata records → querying 0 local files in _targets/objects → parsing _targets/meta/process + r dispatched ✔ r completed [33ms, 7.99 kB] + r2 dispatched ✔ r2 completed [294ms, 9.69 kB] + rt_exts dispatched → creating rt_exts junction → creating bud references ■■■■■■■■■■■■■ 40% | ETA: 0s → creating bud references ■■■■■■■■■■■■■■■■■■■ 60% | ETA: 0s → creating bud references ■■■■■■■■■■■■■■■■■■■■■■■■■ 80% | ETA: 0s → creating bud references ■■■■■■■■■■■■■■■■■■■■■■■■■■■■■■■ 100% | ETA: 0s ✔ rt_exts completed [84ms, 155 B] → creating rt junction → creating rt branch names ■■■■■■■■■■■■■ 40% | ETA: 0s → creating rt branch names ■■■■■■■■■■■■■■■■■■■ 60% | ETA: 0s → creating rt branch names ■■■■■■■■■■■■■■■■■■■■■■■■■ 80% | ETA: 0s → creating rt branch names ■■■■■■■■■■■■■■■■■■■■■■■■■■■■■■■ 100% | ETA: 0s → creating rt junction → creating branch references ■■■■■■■■■■■■■ 40% | ETA: 0s → creating branch references ■■■■■■■■■■■■■■■■■■■ 60% | ETA: 0s → creating branch references ■■■■■■■■■■■■■■■■■■■■■■■■■ 80% | ETA: 0s → creating branch references ■■■■■■■■■■■■■■■■■■■■■■■■■■■■■■■ 100% | ETA: 0s → queueing rt branches + rt declared [4 branches] → 9 targets ■■■■■■■■■■■ [2.3s, 3+, 0-] → 9 targets ■■■■■■■■■■■■■■■■■■ [3.2s, 5+, 0-] ✔ rt completed [734ms, 24.52 kB] → 9 targets ■■■■■■■■■■■■■■■■■■ [3.2s, 5+, 0-] + r3 dispatched → 9 targets ■■■■■■■■■■■■■■■■■■ [3.2s, 5+, 0-] ✔ r3 completed [22ms, 4.22 kB] → 9 targets ■■■■■■■■■■■■■■■■■■ [3.2s, 5+, 0-] → de-duplicating _targets/meta/meta → 9 targets ■■■■■■■■■■■■■■■■■■ [3.2s, 5+, 0-] → 8 targets ■■■■■■■■■■■■■■■■■■■■■■■■■■■■■■■ [4.5s, 8+, 0-] ✔ ended pipeline [4.7s, 8 completed, 0 skipped] creating 1 * 1 = 1 tile extents creating 1 * 2 = 2 tile extents creating 1 * 3 = 3 tile extents creating 2 * 2 = 4 tile extents creating 2 * 3 = 6 tile extents [ FAIL 1 | WARN 0 | SKIP 13 | PASS 50 ] ══ Skipped tests (13) ══════════════════════════════════════════════════════════ • On CRAN (13): 'test-check-gdal-shz.R:5:3', 'test-check-pkg-installed.R:2:3', 'test-check-user-resources.R:2:3', 'test-tar-stars.R:20:3', 'test-tar-stars.R:40:3', 'test-tar-stars.R:68:3', 'test-tar-stars.R:100:3', 'test-tar-terra-rast.R:17:3', 'test-tar-terra-sprc.R:43:3', 'test-tar-terra-sprc.R:88:3', 'test-tar-terra-vect.R:27:3', 'test-tile-funs.R:4:3', 'test-tile-funs.R:42:3' ══ Failed tests ════════════════════════════════════════════════════════════════ ── Error ('test-tar-terra-rast.R:223:3'): metadata is maintained (gdalraster SOZip) ── <tar_condition_run/tar_condition_targets/rlang_error/rlang_error/error/condition> Error: Error in tar_make(): _store_ addFilesInZip() requires GDAL >= 3.7 See https://books.ropensci.org/targets/debugging.html Backtrace: ▆ 1. └─targets::tar_make() at test-tar-terra-rast.R:223:3 2. └─targets:::callr_outer(...) 3. ├─targets:::if_any(...) 4. └─targets:::callr_error(traced_condition = out, fun = fun) 5. └─targets::tar_throw_run(message, class = class(traced_condition$condition)) 6. └─targets::tar_error(...) 7. └─rlang::abort(message = message, class = class, call = tar_envir_base) [ FAIL 1 | WARN 0 | SKIP 13 | PASS 50 ] Error: Test failures Execution halted Flavor: r-devel-linux-x86_64-fedora-clang

These binaries (installable software) and packages are in development.
They may not be fully stable and should be used with caution. We make no claims about them.
Health stats visible at Monitor.