Last updated on 2025-02-23 15:49:43 CET.
Flavor | Version | Tinstall | Tcheck | Ttotal | Status | Flags |
---|---|---|---|---|---|---|
r-devel-linux-x86_64-debian-clang | 0.8.1 | 292.11 | 498.66 | 790.77 | NOTE | |
r-devel-linux-x86_64-debian-gcc | 0.8.1 | 255.06 | 357.74 | 612.80 | NOTE | |
r-devel-linux-x86_64-fedora-clang | 0.8.1 | 1196.33 | NOTE | |||
r-devel-linux-x86_64-fedora-gcc | 0.8.1 | 1328.19 | NOTE | |||
r-devel-macos-arm64 | 0.8.1 | 323.00 | OK | |||
r-devel-macos-x86_64 | 0.8.1 | 684.00 | NOTE | |||
r-devel-windows-x86_64 | 0.8.1 | 240.00 | 591.00 | 831.00 | NOTE | |
r-patched-linux-x86_64 | 0.8.1 | 349.32 | 496.63 | 845.95 | NOTE | |
r-release-linux-x86_64 | 0.8.1 | 321.40 | 497.37 | 818.77 | NOTE | |
r-release-macos-arm64 | 0.8.1 | 179.00 | NOTE | |||
r-release-macos-x86_64 | 0.8.1 | 326.00 | NOTE | |||
r-release-windows-x86_64 | 0.8.1 | 244.00 | 588.00 | 832.00 | NOTE | |
r-oldrel-macos-arm64 | 0.8.1 | 311.00 | NOTE | |||
r-oldrel-macos-x86_64 | 0.8.1 | 452.00 | NOTE | |||
r-oldrel-windows-x86_64 | 0.8.1 | 338.00 | 676.00 | 1014.00 | NOTE |
Version: 0.8.1
Check: DESCRIPTION meta-information
Result: NOTE
Missing dependency on R >= 4.1.0 because package code uses the pipe
|> or function shorthand \(...) syntax added in R 4.1.0.
File(s) using such syntax:
‘impacts.R’ ‘posterior_predict.R’
Flavors: r-devel-linux-x86_64-debian-clang, r-devel-linux-x86_64-debian-gcc, r-devel-linux-x86_64-fedora-clang, r-devel-linux-x86_64-fedora-gcc, r-devel-macos-x86_64, r-devel-windows-x86_64
Version: 0.8.1
Check: dependencies in R code
Result: NOTE
Namespaces in Imports field not imported from:
‘RcppParallel’ ‘rstantools’ ‘spData’
All declared Imports should be used.
Flavors: r-devel-linux-x86_64-fedora-clang, r-devel-linux-x86_64-fedora-gcc
Version: 0.8.1
Check: for GNU extensions in Makefiles
Result: NOTE
GNU make is a SystemRequirements.
Flavors: r-patched-linux-x86_64, r-release-linux-x86_64, r-release-macos-arm64, r-release-macos-x86_64, r-release-windows-x86_64, r-oldrel-macos-arm64, r-oldrel-macos-x86_64, r-oldrel-windows-x86_64
Version: 0.8.1
Check: installed package size
Result: NOTE
installed size is 111.8Mb
sub-directories of 1Mb or more:
doc 1.2Mb
libs 109.4Mb
Flavors: r-release-macos-arm64, r-release-macos-x86_64, r-release-windows-x86_64, r-oldrel-macos-arm64, r-oldrel-macos-x86_64, r-oldrel-windows-x86_64
These binaries (installable software) and packages are in development.
They may not be fully stable and should be used with caution. We make no claims about them.
Health stats visible at Monitor.