Last updated on 2025-02-23 15:49:43 CET.
Flavor | Version | Tinstall | Tcheck | Ttotal | Status | Flags |
---|---|---|---|---|---|---|
r-devel-linux-x86_64-debian-clang | 0.3-23 | 25.62 | 218.91 | 244.53 | OK | |
r-devel-linux-x86_64-debian-gcc | 0.3-23 | 15.38 | 162.77 | 178.15 | OK | |
r-devel-linux-x86_64-fedora-clang | 0.3-23 | 415.88 | OK | |||
r-devel-linux-x86_64-fedora-gcc | 0.3-23 | 2243.07 | ERROR | |||
r-devel-macos-arm64 | 0.3-23 | 110.00 | OK | |||
r-devel-macos-x86_64 | 0.3-23 | 222.00 | OK | |||
r-devel-windows-x86_64 | 0.3-23 | 26.00 | 223.00 | 249.00 | OK | |
r-patched-linux-x86_64 | 0.3-23 | 26.79 | 211.67 | 238.46 | OK | |
r-release-linux-x86_64 | 0.3-23 | 22.47 | 209.94 | 232.41 | OK | |
r-release-macos-arm64 | 0.3-23 | 144.00 | OK | |||
r-release-macos-x86_64 | 0.3-23 | 252.00 | OK | |||
r-release-windows-x86_64 | 0.3-23 | 25.00 | 222.00 | 247.00 | OK | |
r-oldrel-macos-arm64 | 0.3-21 | 141.00 | OK | |||
r-oldrel-macos-x86_64 | 0.3-23 | 261.00 | OK | |||
r-oldrel-windows-x86_64 | 0.3-23 | 32.00 | 278.00 | 310.00 | OK |
Version: 0.3-23
Check: re-building of vignette outputs
Result: ERROR
Error(s) in re-building vignettes:
--- re-building ‘georob_vignette.Rnw’ using Sweave
Loading required package: sp
Attaching package: ‘georob’
The following object is masked from ‘package:stats’:
step
recomputing robust Mahalanobis distances
saving the robust distances 'MD' as part of ‘r.lmrob’
Flavor: r-devel-linux-x86_64-fedora-gcc
These binaries (installable software) and packages are in development.
They may not be fully stable and should be used with caution. We make no claims about them.
Health stats visible at Monitor.