CRAN Package Check Results for Package geonames

Last updated on 2025-05-17 19:51:52 CEST.

Flavor Version Tinstall Tcheck Ttotal Status Flags
r-devel-linux-x86_64-debian-clang 0.999 1.76 19.73 21.49 NOTE
r-devel-linux-x86_64-debian-gcc 0.999 1.57 15.91 17.48 NOTE
r-devel-linux-x86_64-fedora-clang 0.999 32.72 OK
r-devel-linux-x86_64-fedora-gcc 0.999 32.84 OK
r-devel-windows-x86_64 0.999 4.00 43.00 47.00 OK
r-patched-linux-x86_64 0.999 2.22 18.36 20.58 OK
r-release-linux-x86_64 0.999 1.91 18.51 20.42 OK
r-release-macos-arm64 0.999 20.00 OK
r-release-macos-x86_64 0.999 27.00 OK
r-release-windows-x86_64 0.999 3.00 47.00 50.00 OK
r-oldrel-macos-arm64 0.999 14.00 OK
r-oldrel-macos-x86_64 0.999 23.00 OK
r-oldrel-windows-x86_64 0.999 3.00 44.00 47.00 OK

Check Details

Version: 0.999
Check: CRAN incoming feasibility
Result: NOTE Maintainer: ‘Barry Rowlingson <b.rowlingson@gmail.com>’ No Authors@R field in DESCRIPTION. Please add one, modifying Authors@R: person(given = "Barry", family = "Rowlingson", role = c("aut", "cre"), email = "b.rowlingson@gmail.com") as necessary. Flavors: r-devel-linux-x86_64-debian-clang, r-devel-linux-x86_64-debian-gcc

These binaries (installable software) and packages are in development.
They may not be fully stable and should be used with caution. We make no claims about them.
Health stats visible at Monitor.