Last updated on 2025-10-30 09:49:50 CET.
| Flavor | Version | Tinstall | Tcheck | Ttotal | Status | Flags |
|---|---|---|---|---|---|---|
| r-devel-linux-x86_64-debian-clang | 0.2.0 | 31.73 | 323.07 | 354.80 | OK | |
| r-devel-linux-x86_64-debian-gcc | 0.2.0 | 27.68 | 219.05 | 246.73 | OK | |
| r-devel-linux-x86_64-fedora-clang | 0.2.0 | 182.00 | 436.97 | 618.97 | NOTE | |
| r-devel-linux-x86_64-fedora-gcc | 0.2.0 | 81.00 | 491.18 | 572.18 | NOTE | |
| r-devel-windows-x86_64 | 0.2.0 | 30.00 | 218.00 | 248.00 | OK | |
| r-patched-linux-x86_64 | 0.2.0 | 36.78 | 307.99 | 344.77 | OK | |
| r-release-linux-x86_64 | 0.2.0 | 34.46 | 309.23 | 343.69 | OK | |
| r-release-macos-arm64 | 0.2.0 | 15.00 | 104.00 | 119.00 | OK | |
| r-release-macos-x86_64 | 0.2.0 | 22.00 | 218.00 | 240.00 | OK | |
| r-release-windows-x86_64 | 0.2.0 | 34.00 | 244.00 | 278.00 | WARN | |
| r-oldrel-macos-arm64 | 0.2.0 | 11.00 | 109.00 | 120.00 | OK | |
| r-oldrel-macos-x86_64 | 0.2.0 | 48.00 | 315.00 | 363.00 | OK | |
| r-oldrel-windows-x86_64 | 0.2.0 | 45.00 | 339.00 | 384.00 | WARN |
Version: 0.2.0
Check: dependencies in R code
Result: NOTE
Namespace in Imports field not imported from: ‘luz’
All declared Imports should be used.
Flavors: r-devel-linux-x86_64-fedora-clang, r-devel-linux-x86_64-fedora-gcc
Version: 0.2.0
Check: whether package can be installed
Result: WARN
Found the following significant warnings:
Warning: Torch libraries are installed but loading them caused a segfault.
Flavors: r-release-windows-x86_64, r-oldrel-windows-x86_64
These binaries (installable software) and packages are in development.
They may not be fully stable and should be used with caution. We make no claims about them.
Health stats visible at Monitor.