Last updated on 2025-05-17 15:50:43 CEST.
Flavor | Version | Tinstall | Tcheck | Ttotal | Status | Flags |
---|---|---|---|---|---|---|
r-devel-linux-x86_64-debian-clang | 1.0.5 | 36.36 | 25.86 | 62.22 | NOTE | |
r-devel-linux-x86_64-debian-gcc | 1.0.5 | 24.96 | 20.86 | 45.82 | NOTE | |
r-devel-linux-x86_64-fedora-clang | 1.0.5 | 126.02 | NOTE | |||
r-devel-linux-x86_64-fedora-gcc | 1.0.5 | 118.26 | NOTE | |||
r-devel-windows-x86_64 | 1.0.5 | 40.00 | 78.00 | 118.00 | NOTE | |
r-patched-linux-x86_64 | 1.0.5 | 35.07 | 25.80 | 60.87 | NOTE | |
r-release-linux-x86_64 | 1.0.5 | 35.69 | 24.36 | 60.05 | NOTE | |
r-release-macos-arm64 | 1.0.5 | 35.00 | NOTE | |||
r-release-macos-x86_64 | 1.0.5 | 41.00 | NOTE | |||
r-release-windows-x86_64 | 1.0.5 | 40.00 | 75.00 | 115.00 | NOTE | |
r-oldrel-macos-arm64 | 1.0.5 | 36.00 | NOTE | |||
r-oldrel-macos-x86_64 | 1.0.5 | 40.00 | NOTE | |||
r-oldrel-windows-x86_64 | 1.0.5 | 40.00 | 82.00 | 122.00 | NOTE |
Version: 1.0.5
Check: CRAN incoming feasibility
Result: NOTE
Maintainer: ‘Marek Gagolewski <marek@gagolewski.com>’
Package CITATION file contains call(s) to old-style personList() or
as.personList(). Please use c() on person objects instead.
Flavors: r-devel-linux-x86_64-debian-clang, r-devel-linux-x86_64-debian-gcc
Version: 1.0.5
Check: C++ specification
Result: NOTE
Specified C++11: please drop specification unless essential
Flavors: r-devel-linux-x86_64-debian-clang, r-devel-linux-x86_64-debian-gcc, r-devel-linux-x86_64-fedora-clang, r-devel-linux-x86_64-fedora-gcc, r-devel-windows-x86_64, r-patched-linux-x86_64, r-release-linux-x86_64, r-release-macos-arm64, r-release-macos-x86_64, r-release-windows-x86_64, r-oldrel-macos-arm64, r-oldrel-macos-x86_64, r-oldrel-windows-x86_64
These binaries (installable software) and packages are in development.
They may not be fully stable and should be used with caution. We make no claims about them.
Health stats visible at Monitor.