Last updated on 2025-10-30 15:50:12 CET.
| Flavor | Version | Tinstall | Tcheck | Ttotal | Status | Flags |
|---|---|---|---|---|---|---|
| r-devel-linux-x86_64-debian-clang | 1.1.0 | 4.59 | 37.58 | 42.17 | NOTE | |
| r-devel-linux-x86_64-debian-gcc | 1.1.0 | 3.51 | 27.65 | 31.16 | NOTE | |
| r-devel-linux-x86_64-fedora-clang | 1.1.0 | 18.00 | 48.99 | 66.99 | NOTE | |
| r-devel-linux-x86_64-fedora-gcc | 1.1.0 | 27.00 | 36.16 | 63.16 | NOTE | |
| r-devel-windows-x86_64 | 1.1.0 | 8.00 | 59.00 | 67.00 | OK | |
| r-patched-linux-x86_64 | 1.1.0 | 5.49 | 35.33 | 40.82 | OK | |
| r-release-linux-x86_64 | 1.1.0 | 4.86 | 35.82 | 40.68 | OK | |
| r-release-macos-arm64 | 1.1.0 | 3.00 | 18.00 | 21.00 | OK | |
| r-release-macos-x86_64 | 1.1.0 | 7.00 | 34.00 | 41.00 | OK | |
| r-release-windows-x86_64 | 1.1.0 | 8.00 | 66.00 | 74.00 | OK | |
| r-oldrel-macos-arm64 | 1.1.0 | 4.00 | 22.00 | 26.00 | OK | |
| r-oldrel-macos-x86_64 | 1.1.0 | 12.00 | 68.00 | 80.00 | OK | |
| r-oldrel-windows-x86_64 | 1.1.0 | 14.00 | 78.00 | 92.00 | OK |
Version: 1.1.0
Check: Rd files
Result: NOTE
checkRd: (-1) short.Rd:33-38: Only 6 columns allowed in this table (row 1 has 5)
checkRd: (-1) short.Rd:33-38: Only 6 columns allowed in this table (row 2 has 5)
checkRd: (-1) short.Rd:33-38: Only 6 columns allowed in this table (row 3 has 5)
checkRd: (-1) short.Rd:33-38: Only 6 columns allowed in this table (row 4 has 5)
checkRd: (-1) steel.Rd:30-41: Only 6 columns allowed in this table (row 1 has 5)
checkRd: (-1) steel.Rd:30-41: Only 6 columns allowed in this table (row 2 has 5)
checkRd: (-1) steel.Rd:30-41: Only 6 columns allowed in this table (row 3 has 5)
checkRd: (-1) steel.Rd:30-41: Only 6 columns allowed in this table (row 4 has 5)
checkRd: (-1) steel.Rd:30-41: Only 6 columns allowed in this table (row 5 has 5)
checkRd: (-1) steel.Rd:30-41: Only 6 columns allowed in this table (row 6 has 5)
checkRd: (-1) steel.Rd:30-41: Only 6 columns allowed in this table (row 7 has 5)
checkRd: (-1) steel.Rd:30-41: Only 6 columns allowed in this table (row 8 has 5)
checkRd: (-1) steel.Rd:30-41: Only 6 columns allowed in this table (row 9 has 5)
checkRd: (-1) steel.Rd:30-41: Only 6 columns allowed in this table (row 10 has 5)
Flavors: r-devel-linux-x86_64-debian-clang, r-devel-linux-x86_64-debian-gcc, r-devel-linux-x86_64-fedora-clang, r-devel-linux-x86_64-fedora-gcc
Version: 1.1.0
Check: compiled code
Result: NOTE
File ‘gek/libs/gek.so’:
Found no calls to: ‘R_registerRoutines’, ‘R_useDynamicSymbols’
It is good practice to register native routines and to disable symbol
search.
See ‘Writing portable packages’ in the ‘Writing R Extensions’ manual.
Flavors: r-devel-linux-x86_64-fedora-clang, r-devel-linux-x86_64-fedora-gcc
These binaries (installable software) and packages are in development.
They may not be fully stable and should be used with caution. We make no claims about them.
Health stats visible at Monitor.