Last updated on 2025-05-15 11:50:01 CEST.
Flavor | Version | Tinstall | Tcheck | Ttotal | Status | Flags |
---|---|---|---|---|---|---|
r-devel-linux-x86_64-debian-clang | 0.3.2 | 5.99 | 34.93 | 40.92 | NOTE | |
r-devel-linux-x86_64-debian-gcc | 0.3.2 | 4.20 | 25.70 | 29.90 | NOTE | |
r-devel-linux-x86_64-fedora-clang | 0.3.2 | 63.45 | NOTE | |||
r-devel-linux-x86_64-fedora-gcc | 0.3.2 | 59.35 | NOTE | |||
r-devel-windows-x86_64 | 0.3.2 | 6.00 | 53.00 | 59.00 | NOTE | |
r-patched-linux-x86_64 | 0.3.2 | 4.82 | 33.24 | 38.06 | NOTE | |
r-release-linux-x86_64 | 0.3.2 | 4.90 | 32.97 | 37.87 | NOTE | |
r-release-macos-arm64 | 0.3.2 | 23.00 | NOTE | |||
r-release-macos-x86_64 | 0.3.2 | 49.00 | NOTE | |||
r-release-windows-x86_64 | 0.3.2 | 7.00 | 53.00 | 60.00 | NOTE | |
r-oldrel-macos-arm64 | 0.3.2 | 19.00 | NOTE | |||
r-oldrel-macos-x86_64 | 0.3.2 | 31.00 | NOTE | |||
r-oldrel-windows-x86_64 | 0.3.2 | 7.00 | 59.00 | 66.00 | NOTE |
Version: 0.3.2
Check: CRAN incoming feasibility
Result: NOTE
Maintainer: ‘Hugo Gasca-Aragon <hugo_gasca_aragon@hotmail.com>’
No Authors@R field in DESCRIPTION.
Please add one, modifying
Authors@R: person(given = "Hugo",
family = "Gasca-Aragon",
role = c("aut", "cre"),
email = "hugo_gasca_aragon@hotmail.com")
as necessary.
Flavors: r-devel-linux-x86_64-debian-clang, r-devel-linux-x86_64-debian-gcc
Version: 0.3.2
Check: Rd files
Result: NOTE
checkRd: (-1) gconsensus.Rd:48-54: Lost braces
48 | {\code{display.signif.digits} an integer representing the number of significant digits to be obtained in the adaptative approach of the Monte Carlo simulation,
| ^
Flavors: r-devel-linux-x86_64-debian-clang, r-devel-linux-x86_64-debian-gcc, r-devel-linux-x86_64-fedora-clang, r-devel-linux-x86_64-fedora-gcc, r-devel-windows-x86_64, r-patched-linux-x86_64, r-release-linux-x86_64, r-release-macos-arm64, r-release-macos-x86_64, r-release-windows-x86_64, r-oldrel-macos-arm64, r-oldrel-macos-x86_64, r-oldrel-windows-x86_64
These binaries (installable software) and packages are in development.
They may not be fully stable and should be used with caution. We make no claims about them.
Health stats visible at Monitor.