Last updated on 2024-05-02 06:11:49 CEST.
Flavor | Version | Tinstall | Tcheck | Ttotal | Status | Flags |
---|---|---|---|---|---|---|
r-devel-linux-x86_64-debian-clang | 1.0.3 | 10.73 | 79.06 | 89.79 | NOTE | |
r-devel-linux-x86_64-debian-gcc | 1.0.3 | 6.64 | 58.94 | 65.58 | NOTE | |
r-devel-linux-x86_64-fedora-clang | 1.0.3 | 115.49 | NOTE | |||
r-devel-linux-x86_64-fedora-gcc | 1.0.3 | 107.88 | NOTE | |||
r-devel-windows-x86_64 | 1.0.3 | 10.00 | 80.00 | 90.00 | NOTE | |
r-patched-linux-x86_64 | 1.0.3 | 16.33 | 74.62 | 90.95 | NOTE | |
r-release-linux-x86_64 | 1.0.3 | 7.98 | 75.47 | 83.45 | NOTE | |
r-release-macos-arm64 | 1.0.3 | 35.00 | NOTE | |||
r-release-windows-x86_64 | 1.0.3 | 10.00 | 80.00 | 90.00 | NOTE | |
r-oldrel-macos-arm64 | 1.0.3 | 37.00 | OK | |||
r-oldrel-macos-x86_64 | 1.0.3 | 54.00 | OK | |||
r-oldrel-windows-x86_64 | 1.0.3 | 13.00 | 93.00 | 106.00 | OK |
Version: 1.0.3
Check: Rd files
Result: NOTE
checkRd: (-1) matern.cormat.Rd:17: Lost braces; missing escapes or markup?
17 | value of the shape parameter of the Matern correlation class. The default {alpha = 0.5} corresponds to an exponential correlation model.
| ^
Flavors: r-devel-linux-x86_64-debian-clang, r-devel-linux-x86_64-debian-gcc, r-devel-linux-x86_64-fedora-clang, r-devel-linux-x86_64-fedora-gcc, r-devel-windows-x86_64, r-patched-linux-x86_64, r-release-linux-x86_64, r-release-macos-arm64, r-release-windows-x86_64
These binaries (installable software) and packages are in development.
They may not be fully stable and should be used with caution. We make no claims about them.
Health stats visible at Monitor.